{"id":4684,"date":"2024-04-02T13:01:08","date_gmt":"2024-04-02T13:01:08","guid":{"rendered":"https:\/\/candor.hu\/?page_id=4684"},"modified":"2025-05-22T07:59:48","modified_gmt":"2025-05-22T07:59:48","slug":"adomanygyujtes","status":"publish","type":"page","link":"https:\/\/candor.hu\/index.php\/adomanygyujtes\/","title":{"rendered":"Adom\u00e1nygy\u0171jt\u00e9s"},"content":{"rendered":"\t\t<div data-elementor-type=\"wp-page\" data-elementor-id=\"4684\" class=\"elementor elementor-4684\" data-elementor-post-type=\"page\">\n\t\t\t\t\t\t<section class=\"elementor-section elementor-top-section elementor-element elementor-element-b29de05 elementor-section-boxed elementor-section-height-default elementor-section-height-default\" data-id=\"b29de05\" data-element_type=\"section\" data-e-type=\"section\">\n\t\t\t\t\t\t<div class=\"elementor-container elementor-column-gap-default\">\n\t\t\t\t\t<div class=\"elementor-column elementor-col-100 elementor-top-column elementor-element elementor-element-9db3e4e\" data-id=\"9db3e4e\" data-element_type=\"column\" data-e-type=\"column\">\n\t\t\t<div class=\"elementor-widget-wrap elementor-element-populated\">\n\t\t\t\t\t\t<div class=\"elementor-element elementor-element-a62db6e de_scroll_animation_no elementor-widget elementor-widget-spacer\" data-id=\"a62db6e\" data-element_type=\"widget\" data-e-type=\"widget\" data-widget_type=\"spacer.default\">\n\t\t\t\t<div class=\"elementor-widget-container\">\n\t\t\t\t\t\t\t<div class=\"elementor-spacer\">\n\t\t\t<div class=\"elementor-spacer-inner\"><\/div>\n\t\t<\/div>\n\t\t\t\t\t\t<\/div>\n\t\t\t\t<\/div>\n\t\t\t\t\t<\/div>\n\t\t<\/div>\n\t\t\t\t\t<\/div>\n\t\t<\/section>\n\t\t\t\t<section class=\"elementor-section elementor-top-section elementor-element elementor-element-0a5aa07 elementor-section-boxed elementor-section-height-default elementor-section-height-default\" data-id=\"0a5aa07\" data-element_type=\"section\" data-e-type=\"section\">\n\t\t\t\t\t\t<div class=\"elementor-container elementor-column-gap-default\">\n\t\t\t\t\t<div class=\"elementor-column elementor-col-100 elementor-top-column elementor-element elementor-element-01ddf62\" data-id=\"01ddf62\" data-element_type=\"column\" data-e-type=\"column\">\n\t\t\t<div class=\"elementor-widget-wrap elementor-element-populated\">\n\t\t\t\t\t\t<div class=\"elementor-element elementor-element-5433631 de_scroll_animation_no elementor-widget elementor-widget-heading\" data-id=\"5433631\" data-element_type=\"widget\" data-e-type=\"widget\" data-widget_type=\"heading.default\">\n\t\t\t\t<div class=\"elementor-widget-container\">\n\t\t\t\t\t<h2 class=\"elementor-heading-title elementor-size-default\">Adom\u00e1nygy\u0171jt\u00e9s<\/h2>\t\t\t\t<\/div>\n\t\t\t\t<\/div>\n\t\t\t\t\t<\/div>\n\t\t<\/div>\n\t\t\t\t\t<\/div>\n\t\t<\/section>\n\t\t\t\t<section class=\"elementor-section elementor-top-section elementor-element elementor-element-c52f33f elementor-section-boxed elementor-section-height-default elementor-section-height-default\" data-id=\"c52f33f\" data-element_type=\"section\" data-e-type=\"section\">\n\t\t\t\t\t\t<div class=\"elementor-container elementor-column-gap-default\">\n\t\t\t\t\t<div class=\"elementor-column elementor-col-100 elementor-top-column elementor-element elementor-element-20eb17c\" data-id=\"20eb17c\" data-element_type=\"column\" data-e-type=\"column\">\n\t\t\t<div class=\"elementor-widget-wrap elementor-element-populated\">\n\t\t\t\t\t\t<div class=\"elementor-element elementor-element-43ca9ac de_scroll_animation_no elementor-widget elementor-widget-text-editor\" data-id=\"43ca9ac\" data-element_type=\"widget\" data-e-type=\"widget\" data-widget_type=\"text-editor.default\">\n\t\t\t\t<div class=\"elementor-widget-container\">\n\t\t\t\t\t\t\t\t\t<p><span style=\"font-family: &quot;Work Sans&quot;, sans-serif; font-size: 14px; font-style: normal; font-variant-ligatures: normal; font-variant-caps: normal; font-weight: 400;\">Hamarosan \u00e9rkez\u00fcnk h\u00edrekkel az indul\u00f3 adom\u00e1nygy\u0171jt\u00e9s\u00fcnkr\u0151l!<\/span><br><\/p>\t\t\t\t\t\t\t\t<\/div>\n\t\t\t\t<\/div>\n\t\t\t\t\t<\/div>\n\t\t<\/div>\n\t\t\t\t\t<\/div>\n\t\t<\/section>\n\t\t\t\t<\/div>\n\t\t","protected":false},"excerpt":{"rendered":"<p>Adom\u00e1nygy\u0171jt\u00e9s Hamarosan \u00e9rkez\u00fcnk h\u00edrekkel az indul\u00f3 adom\u00e1nygy\u0171jt\u00e9s\u00fcnkr\u0151l!<\/p>\n","protected":false},"author":3,"featured_media":0,"parent":0,"menu_order":0,"comment_status":"closed","ping_status":"closed","template":"","meta":{"footnotes":""},"class_list":["post-4684","page","type-page","status-publish","hentry","entry","owp-thumbs-layout-horizontal","owp-btn-normal","owp-tabs-layout-horizontal","has-no-thumbnails","has-product-nav"],"yoast_head":"<!-- This site is optimized with the Yoast SEO plugin v27.2 - https:\/\/yoast.com\/product\/yoast-seo-wordpress\/ -->\n<title>Adom\u00e1nygy\u0171jt\u00e9s | Sailing yacht charter Horv\u00e1torsz\u00e1g | Candor.hu<\/title>\n<meta name=\"description\" content=\"Hamarosan friss h\u00edrekkel \u00e9rkez\u00fcnk a Candor \u00e1ltal szervezett indul\u00f3 adom\u00e1nygy\u0171jt\u00e9sr\u0151l, hogy kit \u00e9s mik\u00e9nt t\u00e1mogathattok.\" \/>\n<meta name=\"robots\" content=\"index, follow, max-snippet:-1, max-image-preview:large, max-video-preview:-1\" \/>\n<link rel=\"canonical\" href=\"https:\/\/candor.hu\/index.php\/adomanygyujtes\/\" \/>\n<meta property=\"og:locale\" content=\"hu_HU\" \/>\n<meta property=\"og:type\" content=\"article\" \/>\n<meta property=\"og:title\" content=\"Adom\u00e1nygy\u0171jt\u00e9s | Sailing yacht charter Horv\u00e1torsz\u00e1g | Candor.hu\" \/>\n<meta property=\"og:description\" content=\"Hamarosan friss h\u00edrekkel \u00e9rkez\u00fcnk a Candor \u00e1ltal szervezett indul\u00f3 adom\u00e1nygy\u0171jt\u00e9sr\u0151l, hogy kit \u00e9s mik\u00e9nt t\u00e1mogathattok.\" \/>\n<meta property=\"og:url\" content=\"https:\/\/candor.hu\/index.php\/adomanygyujtes\/\" \/>\n<meta property=\"og:site_name\" content=\"Candor\" \/>\n<meta property=\"article:modified_time\" content=\"2025-05-22T07:59:48+00:00\" \/>\n<meta name=\"twitter:card\" content=\"summary_large_image\" \/>\n<meta name=\"twitter:label1\" content=\"Becs\u00fclt olvas\u00e1si id\u0151\" \/>\n\t<meta name=\"twitter:data1\" content=\"1 perc\" \/>\n<script type=\"application\/ld+json\" class=\"yoast-schema-graph\">{\"@context\":\"https:\/\/schema.org\",\"@graph\":[{\"@type\":\"WebPage\",\"@id\":\"https:\/\/candor.hu\/index.php\/adomanygyujtes\/\",\"url\":\"https:\/\/candor.hu\/index.php\/adomanygyujtes\/\",\"name\":\"Adom\u00e1nygy\u0171jt\u00e9s | Sailing yacht charter Horv\u00e1torsz\u00e1g | Candor.hu\",\"isPartOf\":{\"@id\":\"https:\/\/candor.hu\/#website\"},\"datePublished\":\"2024-04-02T13:01:08+00:00\",\"dateModified\":\"2025-05-22T07:59:48+00:00\",\"description\":\"Hamarosan friss h\u00edrekkel \u00e9rkez\u00fcnk a Candor \u00e1ltal szervezett indul\u00f3 adom\u00e1nygy\u0171jt\u00e9sr\u0151l, hogy kit \u00e9s mik\u00e9nt t\u00e1mogathattok.\",\"breadcrumb\":{\"@id\":\"https:\/\/candor.hu\/index.php\/adomanygyujtes\/#breadcrumb\"},\"inLanguage\":\"hu\",\"potentialAction\":[{\"@type\":\"ReadAction\",\"target\":[\"https:\/\/candor.hu\/index.php\/adomanygyujtes\/\"]}]},{\"@type\":\"BreadcrumbList\",\"@id\":\"https:\/\/candor.hu\/index.php\/adomanygyujtes\/#breadcrumb\",\"itemListElement\":[{\"@type\":\"ListItem\",\"position\":1,\"name\":\"Kezd\u0151lap\",\"item\":\"https:\/\/candor.hu\/\"},{\"@type\":\"ListItem\",\"position\":2,\"name\":\"Adom\u00e1nygy\u0171jt\u00e9s\"}]},{\"@type\":\"WebSite\",\"@id\":\"https:\/\/candor.hu\/#website\",\"url\":\"https:\/\/candor.hu\/\",\"name\":\"Candor\",\"description\":\"\",\"publisher\":{\"@id\":\"https:\/\/candor.hu\/#organization\"},\"potentialAction\":[{\"@type\":\"SearchAction\",\"target\":{\"@type\":\"EntryPoint\",\"urlTemplate\":\"https:\/\/candor.hu\/?s={search_term_string}\"},\"query-input\":{\"@type\":\"PropertyValueSpecification\",\"valueRequired\":true,\"valueName\":\"search_term_string\"}}],\"inLanguage\":\"hu\"},{\"@type\":\"Organization\",\"@id\":\"https:\/\/candor.hu\/#organization\",\"name\":\"Candor\",\"url\":\"https:\/\/candor.hu\/\",\"logo\":{\"@type\":\"ImageObject\",\"inLanguage\":\"hu\",\"@id\":\"https:\/\/candor.hu\/#\/schema\/logo\/image\/\",\"url\":\"https:\/\/candor.hu\/wp-content\/uploads\/2023\/05\/cropped-candorlogo-01.png\",\"contentUrl\":\"https:\/\/candor.hu\/wp-content\/uploads\/2023\/05\/cropped-candorlogo-01.png\",\"width\":754,\"height\":206,\"caption\":\"Candor\"},\"image\":{\"@id\":\"https:\/\/candor.hu\/#\/schema\/logo\/image\/\"}}]}<\/script>\n<!-- \/ Yoast SEO plugin. -->","yoast_head_json":{"title":"Adom\u00e1nygy\u0171jt\u00e9s | Sailing yacht charter Horv\u00e1torsz\u00e1g | Candor.hu","description":"Hamarosan friss h\u00edrekkel \u00e9rkez\u00fcnk a Candor \u00e1ltal szervezett indul\u00f3 adom\u00e1nygy\u0171jt\u00e9sr\u0151l, hogy kit \u00e9s mik\u00e9nt t\u00e1mogathattok.","robots":{"index":"index","follow":"follow","max-snippet":"max-snippet:-1","max-image-preview":"max-image-preview:large","max-video-preview":"max-video-preview:-1"},"canonical":"https:\/\/candor.hu\/index.php\/adomanygyujtes\/","og_locale":"hu_HU","og_type":"article","og_title":"Adom\u00e1nygy\u0171jt\u00e9s | Sailing yacht charter Horv\u00e1torsz\u00e1g | Candor.hu","og_description":"Hamarosan friss h\u00edrekkel \u00e9rkez\u00fcnk a Candor \u00e1ltal szervezett indul\u00f3 adom\u00e1nygy\u0171jt\u00e9sr\u0151l, hogy kit \u00e9s mik\u00e9nt t\u00e1mogathattok.","og_url":"https:\/\/candor.hu\/index.php\/adomanygyujtes\/","og_site_name":"Candor","article_modified_time":"2025-05-22T07:59:48+00:00","twitter_card":"summary_large_image","twitter_misc":{"Becs\u00fclt olvas\u00e1si id\u0151":"1 perc"},"schema":{"@context":"https:\/\/schema.org","@graph":[{"@type":"WebPage","@id":"https:\/\/candor.hu\/index.php\/adomanygyujtes\/","url":"https:\/\/candor.hu\/index.php\/adomanygyujtes\/","name":"Adom\u00e1nygy\u0171jt\u00e9s | Sailing yacht charter Horv\u00e1torsz\u00e1g | Candor.hu","isPartOf":{"@id":"https:\/\/candor.hu\/#website"},"datePublished":"2024-04-02T13:01:08+00:00","dateModified":"2025-05-22T07:59:48+00:00","description":"Hamarosan friss h\u00edrekkel \u00e9rkez\u00fcnk a Candor \u00e1ltal szervezett indul\u00f3 adom\u00e1nygy\u0171jt\u00e9sr\u0151l, hogy kit \u00e9s mik\u00e9nt t\u00e1mogathattok.","breadcrumb":{"@id":"https:\/\/candor.hu\/index.php\/adomanygyujtes\/#breadcrumb"},"inLanguage":"hu","potentialAction":[{"@type":"ReadAction","target":["https:\/\/candor.hu\/index.php\/adomanygyujtes\/"]}]},{"@type":"BreadcrumbList","@id":"https:\/\/candor.hu\/index.php\/adomanygyujtes\/#breadcrumb","itemListElement":[{"@type":"ListItem","position":1,"name":"Kezd\u0151lap","item":"https:\/\/candor.hu\/"},{"@type":"ListItem","position":2,"name":"Adom\u00e1nygy\u0171jt\u00e9s"}]},{"@type":"WebSite","@id":"https:\/\/candor.hu\/#website","url":"https:\/\/candor.hu\/","name":"Candor","description":"","publisher":{"@id":"https:\/\/candor.hu\/#organization"},"potentialAction":[{"@type":"SearchAction","target":{"@type":"EntryPoint","urlTemplate":"https:\/\/candor.hu\/?s={search_term_string}"},"query-input":{"@type":"PropertyValueSpecification","valueRequired":true,"valueName":"search_term_string"}}],"inLanguage":"hu"},{"@type":"Organization","@id":"https:\/\/candor.hu\/#organization","name":"Candor","url":"https:\/\/candor.hu\/","logo":{"@type":"ImageObject","inLanguage":"hu","@id":"https:\/\/candor.hu\/#\/schema\/logo\/image\/","url":"https:\/\/candor.hu\/wp-content\/uploads\/2023\/05\/cropped-candorlogo-01.png","contentUrl":"https:\/\/candor.hu\/wp-content\/uploads\/2023\/05\/cropped-candorlogo-01.png","width":754,"height":206,"caption":"Candor"},"image":{"@id":"https:\/\/candor.hu\/#\/schema\/logo\/image\/"}}]}},"jetpack_sharing_enabled":true,"_links":{"self":[{"href":"https:\/\/candor.hu\/index.php\/wp-json\/wp\/v2\/pages\/4684","targetHints":{"allow":["GET"]}}],"collection":[{"href":"https:\/\/candor.hu\/index.php\/wp-json\/wp\/v2\/pages"}],"about":[{"href":"https:\/\/candor.hu\/index.php\/wp-json\/wp\/v2\/types\/page"}],"author":[{"embeddable":true,"href":"https:\/\/candor.hu\/index.php\/wp-json\/wp\/v2\/users\/3"}],"replies":[{"embeddable":true,"href":"https:\/\/candor.hu\/index.php\/wp-json\/wp\/v2\/comments?post=4684"}],"version-history":[{"count":7,"href":"https:\/\/candor.hu\/index.php\/wp-json\/wp\/v2\/pages\/4684\/revisions"}],"predecessor-version":[{"id":4726,"href":"https:\/\/candor.hu\/index.php\/wp-json\/wp\/v2\/pages\/4684\/revisions\/4726"}],"wp:attachment":[{"href":"https:\/\/candor.hu\/index.php\/wp-json\/wp\/v2\/media?parent=4684"}],"curies":[{"name":"wp","href":"https:\/\/api.w.org\/{rel}","templated":true}]}}