{"id":4744,"date":"2024-04-02T21:16:33","date_gmt":"2024-04-02T21:16:33","guid":{"rendered":"https:\/\/candor.hu\/?page_id=4744"},"modified":"2025-05-22T08:01:26","modified_gmt":"2025-05-22T08:01:26","slug":"del-adria-ot-orszag-tura","status":"publish","type":"page","link":"https:\/\/candor.hu\/index.php\/del-adria-ot-orszag-tura\/","title":{"rendered":"D\u00e9l &#8211; Adria \u00f6t orsz\u00e1g t\u00fara"},"content":{"rendered":"\t\t<div data-elementor-type=\"wp-page\" data-elementor-id=\"4744\" class=\"elementor elementor-4744\" data-elementor-post-type=\"page\">\n\t\t\t\t\t\t<section class=\"elementor-section elementor-top-section elementor-element elementor-element-052be12 elementor-section-boxed elementor-section-height-default elementor-section-height-default\" data-id=\"052be12\" data-element_type=\"section\" data-e-type=\"section\">\n\t\t\t\t\t\t<div class=\"elementor-container elementor-column-gap-default\">\n\t\t\t\t\t<div class=\"elementor-column elementor-col-100 elementor-top-column elementor-element elementor-element-6a0506d\" data-id=\"6a0506d\" data-element_type=\"column\" data-e-type=\"column\">\n\t\t\t<div class=\"elementor-widget-wrap elementor-element-populated\">\n\t\t\t\t\t\t<div class=\"elementor-element elementor-element-7351a80 de_scroll_animation_no elementor-widget elementor-widget-spacer\" data-id=\"7351a80\" data-element_type=\"widget\" data-e-type=\"widget\" data-widget_type=\"spacer.default\">\n\t\t\t\t<div class=\"elementor-widget-container\">\n\t\t\t\t\t\t\t<div class=\"elementor-spacer\">\n\t\t\t<div class=\"elementor-spacer-inner\"><\/div>\n\t\t<\/div>\n\t\t\t\t\t\t<\/div>\n\t\t\t\t<\/div>\n\t\t\t\t\t<\/div>\n\t\t<\/div>\n\t\t\t\t\t<\/div>\n\t\t<\/section>\n\t\t\t\t<section class=\"elementor-section elementor-top-section elementor-element elementor-element-fc8c747 elementor-section-boxed elementor-section-height-default elementor-section-height-default\" data-id=\"fc8c747\" data-element_type=\"section\" data-e-type=\"section\">\n\t\t\t\t\t\t<div class=\"elementor-container elementor-column-gap-default\">\n\t\t\t\t\t<div class=\"elementor-column elementor-col-100 elementor-top-column elementor-element elementor-element-af45688\" data-id=\"af45688\" data-element_type=\"column\" data-e-type=\"column\">\n\t\t\t<div class=\"elementor-widget-wrap elementor-element-populated\">\n\t\t\t\t\t\t<div class=\"elementor-element elementor-element-2645ec6 de_scroll_animation_no elementor-widget elementor-widget-heading\" data-id=\"2645ec6\" data-element_type=\"widget\" data-e-type=\"widget\" data-widget_type=\"heading.default\">\n\t\t\t\t<div class=\"elementor-widget-container\">\n\t\t\t\t\t<h2 class=\"elementor-heading-title elementor-size-default\">D\u00e9l-Adria \u00f6t orsz\u00e1g t\u00fara<\/h2>\t\t\t\t<\/div>\n\t\t\t\t<\/div>\n\t\t\t\t\t<\/div>\n\t\t<\/div>\n\t\t\t\t\t<\/div>\n\t\t<\/section>\n\t\t\t\t<section class=\"elementor-section elementor-top-section elementor-element elementor-element-591633f elementor-section-boxed elementor-section-height-default elementor-section-height-default\" data-id=\"591633f\" data-element_type=\"section\" data-e-type=\"section\">\n\t\t\t\t\t\t<div class=\"elementor-container elementor-column-gap-default\">\n\t\t\t\t\t<div class=\"elementor-column elementor-col-100 elementor-top-column elementor-element elementor-element-d399632\" data-id=\"d399632\" data-element_type=\"column\" data-e-type=\"column\">\n\t\t\t<div class=\"elementor-widget-wrap elementor-element-populated\">\n\t\t\t\t\t\t<div class=\"elementor-element elementor-element-662b866 de_scroll_animation_no elementor-widget elementor-widget-text-editor\" data-id=\"662b866\" data-element_type=\"widget\" data-e-type=\"widget\" data-widget_type=\"text-editor.default\">\n\t\t\t\t<div class=\"elementor-widget-container\">\n\t\t\t\t\t\t\t\t\t<p><strong>T\u00fara UPDATE &#8211; SIKER<\/strong><\/p><p>H\u00e1rom haj\u00f3val, 18 emberrel, 6 csom\u00f3s \u00e1tlag sebess\u00e9ggel befejezt\u00fck a D\u00e9l-Adria t\u00far\u00e1t! Nem t\u00falz\u00e1s azt mondani, hogy t\u00e9nyleg ez volt a Candor eddigi legnagyobb hangv\u00e9tel\u0171 t\u00far\u00e1ja. A k\u00e9t h\u00e9t alatt \u00f6sszesen 752 tengeri m\u00e9rf\u00f6ldet tett\u00fcnk meg, 5 napnyi tiszta haj\u00f3z\u00e1ssal. Sokat ment\u00fcnk sz\u00e9llel szemben, es\u0151ben, hull\u00e1mokban, viszont ut\u00e1na mindig kiel\u00e9g\u00edtett a kik\u00f6t\u00e9s \u00e9s a gy\u00f6ny\u00f6r\u0171 v\u00e1rosok k\u00fcl\u00f6nb\u00f6z\u0151 kult\u00far\u00e1ja, vend\u00e9gl\u00e1t\u00e1sa, \u00e9p\u00edt\u00e9szete \u00e9s persze a helyiek diverzit\u00e1sa.<\/p><p><img fetchpriority=\"high\" decoding=\"async\" class=\"alignnone size-full wp-image-5374\" src=\"https:\/\/candor.hu\/wp-content\/uploads\/2024\/09\/Screenshot-2024-09-26-at-10.34.59\u202fAM.png\" alt=\"\u00f6t orsz\u00e1g vitorl\u00e1s t\u00fara\" width=\"1050\" height=\"1082\" srcset=\"https:\/\/candor.hu\/wp-content\/uploads\/2024\/09\/Screenshot-2024-09-26-at-10.34.59\u202fAM.png 1050w, https:\/\/candor.hu\/wp-content\/uploads\/2024\/09\/Screenshot-2024-09-26-at-10.34.59\u202fAM-291x300.png 291w, https:\/\/candor.hu\/wp-content\/uploads\/2024\/09\/Screenshot-2024-09-26-at-10.34.59\u202fAM-994x1024.png 994w, https:\/\/candor.hu\/wp-content\/uploads\/2024\/09\/Screenshot-2024-09-26-at-10.34.59\u202fAM-768x791.png 768w\" sizes=\"(max-width: 1050px) 100vw, 1050px\" \/><\/p><hr \/><p><strong>Az eddigi legnagyobb Candor kaland!<\/strong><\/p><p class=\"p1\">D\u00e1tum: 2024 szeptember 7-21<\/p><p><strong>2025-\u00f6s d\u00e1tumokkal jelentkez\u00fcnk nemsok\u00e1!<\/strong><\/p><p class=\"p1\">\u00datvonal: Kastela (HR) \u2013 Vieste (I) \u2013 Bari \u2013 Santa Maria di Leuca (I) \u2013 Korfu (GR) \u2013 Durres (AL) \u2013 Bar (MNE) \u2013 Dubrovnik (HR) \u2013 Kastela (HR)<\/p><p class=\"p1\">T\u00e1v: kb 750 tmf<\/p><p class=\"p1\">R\u00e9szv\u00e9teli d\u00edj: 2.000 eur\u00f3 \/ f\u0151, amely az al\u00e1bbiakat tartalmazza:<\/p><ul class=\"ul1\"><li class=\"li2\"><span class=\"s2\">haj\u00f3b\u00e9rleti d\u00edj<\/span><\/li><li class=\"li2\"><span class=\"s2\">kauci\u00f3biztos\u00edt\u00e1s \u00e9s kiterjesztett haj\u00f3biztos\u00edt\u00e1s<\/span><\/li><li class=\"li2\"><span class=\"s2\">tranzit log<\/span><\/li><li class=\"li2\"><span class=\"s2\">\u00fczemanyagfogyaszt\u00e1s<\/span><\/li><li class=\"li2\"><span class=\"s2\">kik\u00f6t\u0151i d\u00edjak<\/span><\/li><li class=\"li2\"><span class=\"s2\">le- \u00e9s hazautaz\u00e1s Budapest Kastela k\u00f6z\u00f6tt kisbusszal<\/span><\/li><li class=\"li3\"><span class=\"s2\">alap \u00e9tel- \u00e9s italfogyaszt\u00e1s a haj\u00f3n<\/span><\/li><\/ul><p class=\"p4\"><i>Kinek<\/i><i><strong>\u00a0aj\u00e1nljuk<\/strong>?<\/i><\/p><ul class=\"ul1\"><li class=\"li5\">Azoknak, akik a j\u00f6v\u0151ben hosszabb haj\u00f3utakat terveznek, vagy haj\u00f3v\u00e1s\u00e1rl\u00e1sban, \u00e9letm\u00f3dv\u00e1lt\u00e1sban gondolkodnak, de ehhez nincs meg a tapasztalatuk, a csapatuk, m\u00e9g nincs alkalmas haj\u00f3juk, m\u00e9g nem biztosak az eg\u00e9szben.<\/li><li class=\"li5\">Azoknak, akik m\u00e1r bej\u00e1rt\u00e1k Dalm\u00e1cia szigeteit, r\u00e9szt vettek a Candor hosszabb t\u00far\u00e1in Montenegr\u00f3ba, Olaszorsz\u00e1gba, vagy a horv\u00e1t Adria szigetvil\u00e1ga k\u00f6r\u00fcl, \u00e9s szeretn\u00e9nek \u00faj \u00e9lm\u00e9nyeket szerezni.<\/li><li class=\"li5\">Azoknak, akik szeretn\u00e9k elm\u00e9ly\u00edteni haj\u00f3z\u00e1si ismereteiket, de nem a feszes program\u00fa iskolaprogramokra, vagy gyorstalpal\u00f3ra v\u00e1gynak, hanem \u00f6sszek\u00f6tn\u00e9k az \u00f6r\u00f6mteli haj\u00f3z\u00e1ssal.<\/li><li class=\"li6\">Azoknak, akik k\u00edv\u00e1ncsiak az Adria ritk\u00e1n l\u00e1tott vid\u00e9keire, a turizmus \u00e1ltal m\u00e9g j\u00f3form\u00e1n felfedezetlen helyekre, a nem tipikus vitorl\u00e1z\u00f3 c\u00e9lpontokra.<\/li><\/ul><p class=\"p4\"><i>Mik az\u00a0<\/i><b><i>el\u0151ny\u00f6k<\/i><\/b><i>?<\/i><\/p><ul class=\"ul1\"><li class=\"li5\">A Candor t\u00far\u00e1in biztons\u00e1gos k\u00f6r\u00fclm\u00e9nyek k\u00f6z\u00f6tt, de a t\u00falszervez\u00e9st elker\u00fclve, kis k\u00f6z\u00f6ss\u00e9gben lehet megtenni az utat, amit r\u00e9g\u00f3ta forgatsz a fejedben.<\/li><li class=\"li5\">Az \u00e1r kor\u00e1bbi t\u00far\u00e1k tapasztalatai alapj\u00e1n ker\u00fclt kisz\u00e1m\u00edt\u00e1sra, a ny\u00e1rut\u00f3i id\u0151szakban, ebben a r\u00e9gi\u00f3ban, ilyen tartalommal, ilyen alacsony kock\u00e1zat mellett lehetetlen jobban kij\u00f6nni.<\/li><li class=\"li6\">A t\u00far\u00e1ra sz\u00e1nt haj\u00f3k j\u00f3l felszerelt, k\u00e9nyelmes, kifog\u00e1stalan \u00e1llapot\u00fa vitorl\u00e1sok, amit a Candor m\u0171szaki t\u00e1mogat\u00e1sa mellett biztons\u00e1gos otthont ny\u00fajtanak a r\u00e9sztvev\u0151knek.<\/li><\/ul><p class=\"p7\"><i>Mik a jelentkez\u0151kkel kapcsolatos\u00a0<\/i><b><i>elv\u00e1r\u00e1sok<\/i><\/b><i>?<\/i><\/p><ul class=\"ul1\"><li class=\"li5\">J\u00f3 fizikai \u00e9s ment\u00e1lis \u00e1llapot, nyitott, \u00e9rdekl\u0151d\u0151 hozz\u00e1\u00e1ll\u00e1s, p\u00e1rbesz\u00e9dk\u00e9szs\u00e9g.<\/li><li class=\"li5\">A haj\u00f3z\u00e1si tud\u00e1s nem alapelv\u00e1r\u00e1s, de a haj\u00f3s \u00e9letm\u00f3dhoz val\u00f3 alkalmazkod\u00f3k\u00e9pess\u00e9g \u00e9s a haj\u00f3z\u00e1sban val\u00f3 tev\u00e9keny r\u00e9szv\u00e9tel elengedhetetlen.<\/li><li class=\"li5\">Egy\u00e9ni felszerel\u00e9sr\u0151l, mint viharruha, speci\u00e1lis eg\u00e9szs\u00e9g\u00fcgyi cikkek, napszem\u00fcveg, k\u00e9nyelmes, biztons\u00e1gos cip\u0151 \u00e9s ruh\u00e1zat, minden r\u00e9sztev\u0151nek mag\u00e1nak kell gondoskodnia.<\/li><li class=\"li6\">T\u00f6reksz\u00fcnk r\u00e1, hogy az \u00e9tellel-itallal, szok\u00e1sokkal, besz\u00e9dt\u00e9m\u00e1kkal, zen\u00e9vel kapcsolatos szem\u00e9lyes \u00e9rz\u00e9kenys\u00e9geket figyelembe vegy\u00fck, de ennek mindk\u00e9t ir\u00e1nyban m\u0171k\u00f6dnie kell.<\/li><\/ul><p class=\"p4\"><i>Mik a\u00a0<\/i><b><i>kock\u00e1zatok<\/i><\/b><i>? (\u00e9s mivel v\u00e1laszolhatunk r\u00e1juk?)<\/i><\/p><ul class=\"ul1\"><li class=\"li5\">B\u00e1r szeptemberben nem jellemz\u0151ek a viharok, a programban hagytunk id\u0151j\u00e1r\u00e1si tartal\u00e9kokat. Ez persze m\u00f3dos\u00edtja a l\u00e1tnival\u00f3k megl\u00e1togat\u00e1s\u00e1ra tervezett id\u0151keretet, \u00e9s n\u00e9ha sz\u00fcks\u00e9g lehet a viharruh\u00e1ra is, ami ez\u00e9rt is r\u00e9sze az elv\u00e1r\u00e1soknak.<\/li><li class=\"li5\">A programot els\u0151sorban r\u00e9g\u00f3ta n\u00e1lunk haj\u00f3z\u00f3 vend\u00e9geink k\u00f6r\u00e9ben hirdetj\u00fck, de a csapat \u00f6sszet\u00e9tele mindig kock\u00e1zatot jelent. Ez\u00e9rt sz\u00fcks\u00e9ges felt\u00e9tlen\u00fcl a nyitott, kompromisszumk\u00e9sz hozz\u00e1\u00e1ll\u00e1s.<\/li><li class=\"li6\">El\u0151fordulhat, v\u00e9g\u00fcl ezen a t\u00far\u00e1n der\u00fcl ki, hogy m\u00e9gsem val\u00f3 neked a hossz\u00fa, ny\u00edlt tengeri haj\u00f3z\u00e1s. Sajnos ezt csak pr\u00f3ba \u00e1ltal lehet megtudni, amire enn\u00e9l k\u00f6nnyebb \u00fatvonal m\u00e1r nincs is.<\/li><\/ul><p class=\"p4\"><i>Kinek\u00a0<\/i><b><i>nem<\/i><\/b><i>\u00a0aj\u00e1nljuk?<\/i><\/p><ul class=\"ul1\"><li class=\"li5\">Aki naponta csak 3-4 \u00f3ra vitorl\u00e1z\u00e1st visel el, minden este \u00e9tteremben szeret vacsor\u00e1zni, \u00e9s reggel csak a parton, \u00e9p\u00edtett illemhelyen tudja rendezni a toalettj\u00e9t.<\/li><li class=\"li5\">Aki csak mag\u00e1ban b\u00edzik, \u00e9s mindent r\u00e9szletesen meg akar ismerni, miel\u0151tt belev\u00e1g valamibe. Ezt sajnos itt nem tudjuk megoldani, t\u00f6bb ponton improviz\u00e1lni fogunk az \u00fat sor\u00e1n.<\/li><li class=\"li6\">Akinek nincs lehet\u0151s\u00e9ge k\u00e9t h\u00e9tre kisz\u00e1llni az itthoni m\u00f3kusker\u00e9kb\u0151l, folyamatosan cs\u00f6ng a telefonja, \u00e9s k\u00f6vetnie kell az emailjeit. Persze id\u0151r\u0151l id\u0151re itt is m\u00f3d lesz az otthoniakkal val\u00f3 kapcsolatfelv\u00e9telre, de aki elj\u00f6n, annak fejben is itt kell lennie.<\/li><\/ul><p class=\"p4\"><i>Nem lehetne, hogy\u2026?<\/i><\/p><p class=\"p5\">Lehet saj\u00e1t haj\u00f3val j\u00f6nni? Lehet r\u00f3la sz\u00f3, de err\u0151l k\u00fcl\u00f6n egyeztess\u00fcnk, a t\u00fara tervezett \u00e1tlagsebess\u00e9ge, a kik\u00f6t\u0151helyek, a m\u0171szaki t\u00e1mogat\u00e1s miatt nem minden haj\u00f3t tudunk kezelni a flott\u00e1ban.<\/p><p class=\"p5\">Lehet r\u00e9szletekre is csatlakozni? Nincs kiz\u00e1rva, de err\u0151l k\u00fcl\u00f6n egyeztess\u00fcnk. Bariban (BRI), Brindisiben (BDS), Korfun (CFU) \u00e9s Montenegroban (TGD Podgorica, vagy TIV Tivat) ny\u00edlik m\u00f3d a le- \u00e9s hazarep\u00fcl\u00e9sre.<\/p><p class=\"p5\">Lehet eg\u00e9sz haj\u00f3t megt\u00f6ltve saj\u00e1t csapattal csatlakozni? Lehet, ebben az esetben egy\u00e9nileg alak\u00edtjuk ki a r\u00e9szv\u00e9teli d\u00edjat, annak tartalm\u00e1t, \u00e9s haj\u00f3nk\u00e9nt ak\u00e1r az \u00fatvonalon is lehet v\u00e1ltoztatni.<\/p>\t\t\t\t\t\t\t\t<\/div>\n\t\t\t\t<\/div>\n\t\t\t\t\t<\/div>\n\t\t<\/div>\n\t\t\t\t\t<\/div>\n\t\t<\/section>\n\t\t\t\t<\/div>\n\t\t","protected":false},"excerpt":{"rendered":"<p>D\u00e9l-Adria \u00f6t orsz\u00e1g t\u00fara T\u00fara UPDATE &#8211; SIKER H\u00e1rom haj\u00f3val, 18 emberrel, 6 csom\u00f3s \u00e1tlag sebess\u00e9ggel befejezt\u00fck a D\u00e9l-Adria t\u00far\u00e1t! Nem t\u00falz\u00e1s azt mondani, hogy t\u00e9nyleg ez volt a Candor eddigi legnagyobb hangv\u00e9tel\u0171 t\u00far\u00e1ja. A k\u00e9t h\u00e9t alatt \u00f6sszesen 752 tengeri m\u00e9rf\u00f6ldet tett\u00fcnk meg, 5 napnyi tiszta haj\u00f3z\u00e1ssal. Sokat ment\u00fcnk sz\u00e9llel szemben, es\u0151ben, hull\u00e1mokban, viszont [&hellip;]<\/p>\n","protected":false},"author":3,"featured_media":0,"parent":0,"menu_order":0,"comment_status":"closed","ping_status":"closed","template":"","meta":{"footnotes":""},"class_list":["post-4744","page","type-page","status-publish","hentry","entry","owp-thumbs-layout-horizontal","owp-btn-normal","owp-tabs-layout-horizontal","has-no-thumbnails","has-product-nav"],"yoast_head":"<!-- This site is optimized with the Yoast SEO plugin v27.2 - https:\/\/yoast.com\/product\/yoast-seo-wordpress\/ -->\n<title>D\u00e9l-Adria \u00f6t orsz\u00e1g t\u00fara | Vitorl\u00e1st\u00fara az Adri\u00e1n | Candor.hu<\/title>\n<meta name=\"description\" content=\"Egyed\u00fcl\u00e1ll\u00f3 vitorl\u00e1s nyaral\u00e1s Horv\u00e1torsz\u00e1gban. A D\u00e9l-Adria \u00f6t orsz\u00e1g t\u00fara az eddigi legnagyobb Candor kaland!\" \/>\n<meta name=\"robots\" content=\"index, follow, max-snippet:-1, max-image-preview:large, max-video-preview:-1\" \/>\n<link rel=\"canonical\" href=\"https:\/\/candor.hu\/index.php\/del-adria-ot-orszag-tura\/\" \/>\n<meta property=\"og:locale\" content=\"hu_HU\" \/>\n<meta property=\"og:type\" content=\"article\" \/>\n<meta property=\"og:title\" content=\"D\u00e9l-Adria \u00f6t orsz\u00e1g t\u00fara | Vitorl\u00e1st\u00fara az Adri\u00e1n | Candor.hu\" \/>\n<meta property=\"og:description\" content=\"Egyed\u00fcl\u00e1ll\u00f3 vitorl\u00e1s nyaral\u00e1s Horv\u00e1torsz\u00e1gban. A D\u00e9l-Adria \u00f6t orsz\u00e1g t\u00fara az eddigi legnagyobb Candor kaland!\" \/>\n<meta property=\"og:url\" content=\"https:\/\/candor.hu\/index.php\/del-adria-ot-orszag-tura\/\" \/>\n<meta property=\"og:site_name\" content=\"Candor\" \/>\n<meta property=\"article:modified_time\" content=\"2025-05-22T08:01:26+00:00\" \/>\n<meta name=\"twitter:card\" content=\"summary_large_image\" \/>\n<meta name=\"twitter:label1\" content=\"Becs\u00fclt olvas\u00e1si id\u0151\" \/>\n\t<meta name=\"twitter:data1\" content=\"4 perc\" \/>\n<script type=\"application\/ld+json\" class=\"yoast-schema-graph\">{\"@context\":\"https:\/\/schema.org\",\"@graph\":[{\"@type\":\"WebPage\",\"@id\":\"https:\/\/candor.hu\/index.php\/del-adria-ot-orszag-tura\/\",\"url\":\"https:\/\/candor.hu\/index.php\/del-adria-ot-orszag-tura\/\",\"name\":\"D\u00e9l-Adria \u00f6t orsz\u00e1g t\u00fara | Vitorl\u00e1st\u00fara az Adri\u00e1n | Candor.hu\",\"isPartOf\":{\"@id\":\"https:\/\/candor.hu\/#website\"},\"datePublished\":\"2024-04-02T21:16:33+00:00\",\"dateModified\":\"2025-05-22T08:01:26+00:00\",\"description\":\"Egyed\u00fcl\u00e1ll\u00f3 vitorl\u00e1s nyaral\u00e1s Horv\u00e1torsz\u00e1gban. A D\u00e9l-Adria \u00f6t orsz\u00e1g t\u00fara az eddigi legnagyobb Candor kaland!\",\"breadcrumb\":{\"@id\":\"https:\/\/candor.hu\/index.php\/del-adria-ot-orszag-tura\/#breadcrumb\"},\"inLanguage\":\"hu\",\"potentialAction\":[{\"@type\":\"ReadAction\",\"target\":[\"https:\/\/candor.hu\/index.php\/del-adria-ot-orszag-tura\/\"]}]},{\"@type\":\"BreadcrumbList\",\"@id\":\"https:\/\/candor.hu\/index.php\/del-adria-ot-orszag-tura\/#breadcrumb\",\"itemListElement\":[{\"@type\":\"ListItem\",\"position\":1,\"name\":\"Kezd\u0151lap\",\"item\":\"https:\/\/candor.hu\/\"},{\"@type\":\"ListItem\",\"position\":2,\"name\":\"D\u00e9l &#8211; Adria \u00f6t orsz\u00e1g t\u00fara\"}]},{\"@type\":\"WebSite\",\"@id\":\"https:\/\/candor.hu\/#website\",\"url\":\"https:\/\/candor.hu\/\",\"name\":\"Candor\",\"description\":\"\",\"publisher\":{\"@id\":\"https:\/\/candor.hu\/#organization\"},\"potentialAction\":[{\"@type\":\"SearchAction\",\"target\":{\"@type\":\"EntryPoint\",\"urlTemplate\":\"https:\/\/candor.hu\/?s={search_term_string}\"},\"query-input\":{\"@type\":\"PropertyValueSpecification\",\"valueRequired\":true,\"valueName\":\"search_term_string\"}}],\"inLanguage\":\"hu\"},{\"@type\":\"Organization\",\"@id\":\"https:\/\/candor.hu\/#organization\",\"name\":\"Candor\",\"url\":\"https:\/\/candor.hu\/\",\"logo\":{\"@type\":\"ImageObject\",\"inLanguage\":\"hu\",\"@id\":\"https:\/\/candor.hu\/#\/schema\/logo\/image\/\",\"url\":\"https:\/\/candor.hu\/wp-content\/uploads\/2023\/05\/cropped-candorlogo-01.png\",\"contentUrl\":\"https:\/\/candor.hu\/wp-content\/uploads\/2023\/05\/cropped-candorlogo-01.png\",\"width\":754,\"height\":206,\"caption\":\"Candor\"},\"image\":{\"@id\":\"https:\/\/candor.hu\/#\/schema\/logo\/image\/\"}}]}<\/script>\n<!-- \/ Yoast SEO plugin. -->","yoast_head_json":{"title":"D\u00e9l-Adria \u00f6t orsz\u00e1g t\u00fara | Vitorl\u00e1st\u00fara az Adri\u00e1n | Candor.hu","description":"Egyed\u00fcl\u00e1ll\u00f3 vitorl\u00e1s nyaral\u00e1s Horv\u00e1torsz\u00e1gban. A D\u00e9l-Adria \u00f6t orsz\u00e1g t\u00fara az eddigi legnagyobb Candor kaland!","robots":{"index":"index","follow":"follow","max-snippet":"max-snippet:-1","max-image-preview":"max-image-preview:large","max-video-preview":"max-video-preview:-1"},"canonical":"https:\/\/candor.hu\/index.php\/del-adria-ot-orszag-tura\/","og_locale":"hu_HU","og_type":"article","og_title":"D\u00e9l-Adria \u00f6t orsz\u00e1g t\u00fara | Vitorl\u00e1st\u00fara az Adri\u00e1n | Candor.hu","og_description":"Egyed\u00fcl\u00e1ll\u00f3 vitorl\u00e1s nyaral\u00e1s Horv\u00e1torsz\u00e1gban. A D\u00e9l-Adria \u00f6t orsz\u00e1g t\u00fara az eddigi legnagyobb Candor kaland!","og_url":"https:\/\/candor.hu\/index.php\/del-adria-ot-orszag-tura\/","og_site_name":"Candor","article_modified_time":"2025-05-22T08:01:26+00:00","twitter_card":"summary_large_image","twitter_misc":{"Becs\u00fclt olvas\u00e1si id\u0151":"4 perc"},"schema":{"@context":"https:\/\/schema.org","@graph":[{"@type":"WebPage","@id":"https:\/\/candor.hu\/index.php\/del-adria-ot-orszag-tura\/","url":"https:\/\/candor.hu\/index.php\/del-adria-ot-orszag-tura\/","name":"D\u00e9l-Adria \u00f6t orsz\u00e1g t\u00fara | Vitorl\u00e1st\u00fara az Adri\u00e1n | Candor.hu","isPartOf":{"@id":"https:\/\/candor.hu\/#website"},"datePublished":"2024-04-02T21:16:33+00:00","dateModified":"2025-05-22T08:01:26+00:00","description":"Egyed\u00fcl\u00e1ll\u00f3 vitorl\u00e1s nyaral\u00e1s Horv\u00e1torsz\u00e1gban. A D\u00e9l-Adria \u00f6t orsz\u00e1g t\u00fara az eddigi legnagyobb Candor kaland!","breadcrumb":{"@id":"https:\/\/candor.hu\/index.php\/del-adria-ot-orszag-tura\/#breadcrumb"},"inLanguage":"hu","potentialAction":[{"@type":"ReadAction","target":["https:\/\/candor.hu\/index.php\/del-adria-ot-orszag-tura\/"]}]},{"@type":"BreadcrumbList","@id":"https:\/\/candor.hu\/index.php\/del-adria-ot-orszag-tura\/#breadcrumb","itemListElement":[{"@type":"ListItem","position":1,"name":"Kezd\u0151lap","item":"https:\/\/candor.hu\/"},{"@type":"ListItem","position":2,"name":"D\u00e9l &#8211; Adria \u00f6t orsz\u00e1g t\u00fara"}]},{"@type":"WebSite","@id":"https:\/\/candor.hu\/#website","url":"https:\/\/candor.hu\/","name":"Candor","description":"","publisher":{"@id":"https:\/\/candor.hu\/#organization"},"potentialAction":[{"@type":"SearchAction","target":{"@type":"EntryPoint","urlTemplate":"https:\/\/candor.hu\/?s={search_term_string}"},"query-input":{"@type":"PropertyValueSpecification","valueRequired":true,"valueName":"search_term_string"}}],"inLanguage":"hu"},{"@type":"Organization","@id":"https:\/\/candor.hu\/#organization","name":"Candor","url":"https:\/\/candor.hu\/","logo":{"@type":"ImageObject","inLanguage":"hu","@id":"https:\/\/candor.hu\/#\/schema\/logo\/image\/","url":"https:\/\/candor.hu\/wp-content\/uploads\/2023\/05\/cropped-candorlogo-01.png","contentUrl":"https:\/\/candor.hu\/wp-content\/uploads\/2023\/05\/cropped-candorlogo-01.png","width":754,"height":206,"caption":"Candor"},"image":{"@id":"https:\/\/candor.hu\/#\/schema\/logo\/image\/"}}]}},"jetpack_sharing_enabled":true,"_links":{"self":[{"href":"https:\/\/candor.hu\/index.php\/wp-json\/wp\/v2\/pages\/4744","targetHints":{"allow":["GET"]}}],"collection":[{"href":"https:\/\/candor.hu\/index.php\/wp-json\/wp\/v2\/pages"}],"about":[{"href":"https:\/\/candor.hu\/index.php\/wp-json\/wp\/v2\/types\/page"}],"author":[{"embeddable":true,"href":"https:\/\/candor.hu\/index.php\/wp-json\/wp\/v2\/users\/3"}],"replies":[{"embeddable":true,"href":"https:\/\/candor.hu\/index.php\/wp-json\/wp\/v2\/comments?post=4744"}],"version-history":[{"count":13,"href":"https:\/\/candor.hu\/index.php\/wp-json\/wp\/v2\/pages\/4744\/revisions"}],"predecessor-version":[{"id":5490,"href":"https:\/\/candor.hu\/index.php\/wp-json\/wp\/v2\/pages\/4744\/revisions\/5490"}],"wp:attachment":[{"href":"https:\/\/candor.hu\/index.php\/wp-json\/wp\/v2\/media?parent=4744"}],"curies":[{"name":"wp","href":"https:\/\/api.w.org\/{rel}","templated":true}]}}