{"id":4764,"date":"2024-04-02T21:22:17","date_gmt":"2024-04-02T21:22:17","guid":{"rendered":"https:\/\/candor.hu\/?page_id=4764"},"modified":"2025-05-22T08:04:08","modified_gmt":"2025-05-22T08:04:08","slug":"szkipper-oktatas","status":"publish","type":"page","link":"https:\/\/candor.hu\/index.php\/szkipper-oktatas\/","title":{"rendered":"Szkipper oktat\u00e1s"},"content":{"rendered":"\t\t<div data-elementor-type=\"wp-page\" data-elementor-id=\"4764\" class=\"elementor elementor-4764\" data-elementor-post-type=\"page\">\n\t\t\t\t\t\t<section class=\"elementor-section elementor-top-section elementor-element elementor-element-2333dcf elementor-section-boxed elementor-section-height-default elementor-section-height-default\" data-id=\"2333dcf\" data-element_type=\"section\" data-e-type=\"section\">\n\t\t\t\t\t\t<div class=\"elementor-container elementor-column-gap-default\">\n\t\t\t\t\t<div class=\"elementor-column elementor-col-100 elementor-top-column elementor-element elementor-element-95aefbf\" data-id=\"95aefbf\" data-element_type=\"column\" data-e-type=\"column\">\n\t\t\t<div class=\"elementor-widget-wrap elementor-element-populated\">\n\t\t\t\t\t\t<div class=\"elementor-element elementor-element-7cc2eec de_scroll_animation_no elementor-widget elementor-widget-spacer\" data-id=\"7cc2eec\" data-element_type=\"widget\" data-e-type=\"widget\" data-widget_type=\"spacer.default\">\n\t\t\t\t<div class=\"elementor-widget-container\">\n\t\t\t\t\t\t\t<div class=\"elementor-spacer\">\n\t\t\t<div class=\"elementor-spacer-inner\"><\/div>\n\t\t<\/div>\n\t\t\t\t\t\t<\/div>\n\t\t\t\t<\/div>\n\t\t\t\t\t<\/div>\n\t\t<\/div>\n\t\t\t\t\t<\/div>\n\t\t<\/section>\n\t\t\t\t<section class=\"elementor-section elementor-top-section elementor-element elementor-element-ae17a24 elementor-section-boxed elementor-section-height-default elementor-section-height-default\" data-id=\"ae17a24\" data-element_type=\"section\" data-e-type=\"section\">\n\t\t\t\t\t\t<div class=\"elementor-container elementor-column-gap-default\">\n\t\t\t\t\t<div class=\"elementor-column elementor-col-100 elementor-top-column elementor-element elementor-element-10741d1\" data-id=\"10741d1\" data-element_type=\"column\" data-e-type=\"column\">\n\t\t\t<div class=\"elementor-widget-wrap elementor-element-populated\">\n\t\t\t\t\t\t<div class=\"elementor-element elementor-element-6fa7fb4 de_scroll_animation_no elementor-widget elementor-widget-heading\" data-id=\"6fa7fb4\" data-element_type=\"widget\" data-e-type=\"widget\" data-widget_type=\"heading.default\">\n\t\t\t\t<div class=\"elementor-widget-container\">\n\t\t\t\t\t<h2 class=\"elementor-heading-title elementor-size-default\">Szkipper oktat\u00e1s<\/h2>\t\t\t\t<\/div>\n\t\t\t\t<\/div>\n\t\t\t\t\t<\/div>\n\t\t<\/div>\n\t\t\t\t\t<\/div>\n\t\t<\/section>\n\t\t\t\t<section class=\"elementor-section elementor-top-section elementor-element elementor-element-6ec53e0 elementor-section-boxed elementor-section-height-default elementor-section-height-default\" data-id=\"6ec53e0\" data-element_type=\"section\" data-e-type=\"section\">\n\t\t\t\t\t\t<div class=\"elementor-container elementor-column-gap-default\">\n\t\t\t\t\t<div class=\"elementor-column elementor-col-100 elementor-top-column elementor-element elementor-element-cafe2d6\" data-id=\"cafe2d6\" data-element_type=\"column\" data-e-type=\"column\">\n\t\t\t<div class=\"elementor-widget-wrap elementor-element-populated\">\n\t\t\t\t\t\t<div class=\"elementor-element elementor-element-7d84a93 de_scroll_animation_no elementor-widget elementor-widget-text-editor\" data-id=\"7d84a93\" data-element_type=\"widget\" data-e-type=\"widget\" data-widget_type=\"text-editor.default\">\n\t\t\t\t<div class=\"elementor-widget-container\">\n\t\t\t\t\t\t\t\t\t<p>Imm\u00e1r \u00e9vek \u00f3ta foglalkozunk haj\u00f3vezet\u0151i vizsg\u00e1k szervez\u00e9s\u00e9vel, felk\u00e9sz\u00edt\u00e9s\u00e9vel \u00e9s lebonyol\u00edt\u00e1s\u00e1val. Kezd\u0151kt\u0151l halad\u00f3kig mindenkit v\u00e1runk a tr\u00e9ningeken.<\/p><p>Az alap man\u0151ver-tr\u00e9ninget azoknak ind\u00edtjuk, akik ritk\u00e1n, keveset haj\u00f3znak, r\u00e9gen voltak tengeren, \u00e9s egy esetleges ny\u00e1ri t\u00fara el\u0151tt szeretn\u00e9k felfriss\u00edteni az ismereteiket. Szint\u00e9n haszn\u00e1t veszik azok a haj\u00f3sok, akik m\u00e1s haj\u00f3z\u00e1si ter\u00fcleten szereztek tapasztalatot, hisz tudjuk: minden r\u00e9gi\u00f3nak megvannak a saj\u00e1toss\u00e1gai.<\/p><p>Halad\u00f3 man\u0151ver-tr\u00e9ning\u00fcnk minden tavasszal indul, profi oktat\u00f3 t\u00e1rsas\u00e1g\u00e1ban, aki gyakorlatban mutat meg minden fontos technik\u00e1t \u00e9s tan\u00edtja meg a haj\u00f3 magabiztos kezel\u00e9s\u00e9t, ak\u00e1r neh\u00e9z helyzetben is. Alap tud\u00e1ssal m\u00e1r rendelkez\u0151 vitorl\u00e1z\u00f3kat v\u00e1runk az oktat\u00e1sra, akik szeretn\u00e9nek felk\u00e9sz\u00fclni v\u00e1ratlan helyzetekre is.<\/p><p>A k\u00e9pz\u00e9sek a jogos\u00edtv\u00e1nyszerz\u00e9sre ir\u00e1nyul\u00f3 hivatalos esem\u00e9nyek, melyek ut\u00e1n megszerezhet\u0151 a\u00a0<b>kedvtel\u00e9si c\u00e9l\u00fa<\/b>\u00a0(horv\u00e1t B \u00e9s ICC), a\u00a0<b>hivat\u00e1sos<\/b>\u00a030, 100 \u00e9s 500 tonn\u00e1s haj\u00f3vezet\u0151i enged\u00e9ly, valamint az GOC\u00a0<b>r\u00e1di\u00f3s vizsga<\/b>.<\/p><p>Az \u00e1rakr\u00f3l, id\u0151pontokr\u00f3l, felt\u00e9telekr\u0151l folyamatosan friss adatokkal szolg\u00e1lunk, k\u00f6rleveleinkben, k\u00f6z\u00f6ss\u00e9gi m\u00e9di\u00e1n, valamint, ha e-mailben,\u00a0 telefonon vagy priv\u00e1t \u00fczenetben \u00e9rdekl\u0151dsz.<\/p>\t\t\t\t\t\t\t\t<\/div>\n\t\t\t\t<\/div>\n\t\t\t\t\t<\/div>\n\t\t<\/div>\n\t\t\t\t\t<\/div>\n\t\t<\/section>\n\t\t\t\t<\/div>\n\t\t","protected":false},"excerpt":{"rendered":"<p>Szkipper oktat\u00e1s Imm\u00e1r \u00e9vek \u00f3ta foglalkozunk haj\u00f3vezet\u0151i vizsg\u00e1k szervez\u00e9s\u00e9vel, felk\u00e9sz\u00edt\u00e9s\u00e9vel \u00e9s lebonyol\u00edt\u00e1s\u00e1val. Kezd\u0151kt\u0151l halad\u00f3kig mindenkit v\u00e1runk a tr\u00e9ningeken. Az alap man\u0151ver-tr\u00e9ninget azoknak ind\u00edtjuk, akik ritk\u00e1n, keveset haj\u00f3znak, r\u00e9gen voltak tengeren, \u00e9s egy esetleges ny\u00e1ri t\u00fara el\u0151tt szeretn\u00e9k felfriss\u00edteni az ismereteiket. Szint\u00e9n haszn\u00e1t veszik azok a haj\u00f3sok, akik m\u00e1s haj\u00f3z\u00e1si ter\u00fcleten szereztek tapasztalatot, hisz tudjuk: minden [&hellip;]<\/p>\n","protected":false},"author":3,"featured_media":0,"parent":0,"menu_order":0,"comment_status":"closed","ping_status":"closed","template":"","meta":{"footnotes":""},"class_list":["post-4764","page","type-page","status-publish","hentry","entry","owp-thumbs-layout-horizontal","owp-btn-normal","owp-tabs-layout-horizontal","has-no-thumbnails","has-product-nav"],"yoast_head":"<!-- This site is optimized with the Yoast SEO plugin v27.2 - https:\/\/yoast.com\/product\/yoast-seo-wordpress\/ -->\n<title>Szkipper oktat\u00e1s | Haj\u00f3s k\u00e9pz\u00e9s Adria | Candor.hu<\/title>\n<meta name=\"description\" content=\"\u00c9vek \u00f3ta szervez\u00fcnk haj\u00f3vezet\u0151i vizsg\u00e1kat, vitorl\u00e1s tr\u00e9ningeket, melyekre kezd\u0151kt\u0151l halad\u00f3kig mindenkit v\u00e1runk.\" \/>\n<meta name=\"robots\" content=\"index, follow, max-snippet:-1, max-image-preview:large, max-video-preview:-1\" \/>\n<link rel=\"canonical\" href=\"https:\/\/candor.hu\/index.php\/szkipper-oktatas\/\" \/>\n<meta property=\"og:locale\" content=\"hu_HU\" \/>\n<meta property=\"og:type\" content=\"article\" \/>\n<meta property=\"og:title\" content=\"Szkipper oktat\u00e1s | Haj\u00f3s k\u00e9pz\u00e9s Adria | Candor.hu\" \/>\n<meta property=\"og:description\" content=\"\u00c9vek \u00f3ta szervez\u00fcnk haj\u00f3vezet\u0151i vizsg\u00e1kat, vitorl\u00e1s tr\u00e9ningeket, melyekre kezd\u0151kt\u0151l halad\u00f3kig mindenkit v\u00e1runk.\" \/>\n<meta property=\"og:url\" content=\"https:\/\/candor.hu\/index.php\/szkipper-oktatas\/\" \/>\n<meta property=\"og:site_name\" content=\"Candor\" \/>\n<meta property=\"article:modified_time\" content=\"2025-05-22T08:04:08+00:00\" \/>\n<meta name=\"twitter:card\" content=\"summary_large_image\" \/>\n<meta name=\"twitter:label1\" content=\"Becs\u00fclt olvas\u00e1si id\u0151\" \/>\n\t<meta name=\"twitter:data1\" content=\"1 perc\" \/>\n<script type=\"application\/ld+json\" class=\"yoast-schema-graph\">{\"@context\":\"https:\/\/schema.org\",\"@graph\":[{\"@type\":\"WebPage\",\"@id\":\"https:\/\/candor.hu\/index.php\/szkipper-oktatas\/\",\"url\":\"https:\/\/candor.hu\/index.php\/szkipper-oktatas\/\",\"name\":\"Szkipper oktat\u00e1s | Haj\u00f3s k\u00e9pz\u00e9s Adria | Candor.hu\",\"isPartOf\":{\"@id\":\"https:\/\/candor.hu\/#website\"},\"datePublished\":\"2024-04-02T21:22:17+00:00\",\"dateModified\":\"2025-05-22T08:04:08+00:00\",\"description\":\"\u00c9vek \u00f3ta szervez\u00fcnk haj\u00f3vezet\u0151i vizsg\u00e1kat, vitorl\u00e1s tr\u00e9ningeket, melyekre kezd\u0151kt\u0151l halad\u00f3kig mindenkit v\u00e1runk.\",\"breadcrumb\":{\"@id\":\"https:\/\/candor.hu\/index.php\/szkipper-oktatas\/#breadcrumb\"},\"inLanguage\":\"hu\",\"potentialAction\":[{\"@type\":\"ReadAction\",\"target\":[\"https:\/\/candor.hu\/index.php\/szkipper-oktatas\/\"]}]},{\"@type\":\"BreadcrumbList\",\"@id\":\"https:\/\/candor.hu\/index.php\/szkipper-oktatas\/#breadcrumb\",\"itemListElement\":[{\"@type\":\"ListItem\",\"position\":1,\"name\":\"Kezd\u0151lap\",\"item\":\"https:\/\/candor.hu\/\"},{\"@type\":\"ListItem\",\"position\":2,\"name\":\"Szkipper oktat\u00e1s\"}]},{\"@type\":\"WebSite\",\"@id\":\"https:\/\/candor.hu\/#website\",\"url\":\"https:\/\/candor.hu\/\",\"name\":\"Candor\",\"description\":\"\",\"publisher\":{\"@id\":\"https:\/\/candor.hu\/#organization\"},\"potentialAction\":[{\"@type\":\"SearchAction\",\"target\":{\"@type\":\"EntryPoint\",\"urlTemplate\":\"https:\/\/candor.hu\/?s={search_term_string}\"},\"query-input\":{\"@type\":\"PropertyValueSpecification\",\"valueRequired\":true,\"valueName\":\"search_term_string\"}}],\"inLanguage\":\"hu\"},{\"@type\":\"Organization\",\"@id\":\"https:\/\/candor.hu\/#organization\",\"name\":\"Candor\",\"url\":\"https:\/\/candor.hu\/\",\"logo\":{\"@type\":\"ImageObject\",\"inLanguage\":\"hu\",\"@id\":\"https:\/\/candor.hu\/#\/schema\/logo\/image\/\",\"url\":\"https:\/\/candor.hu\/wp-content\/uploads\/2023\/05\/cropped-candorlogo-01.png\",\"contentUrl\":\"https:\/\/candor.hu\/wp-content\/uploads\/2023\/05\/cropped-candorlogo-01.png\",\"width\":754,\"height\":206,\"caption\":\"Candor\"},\"image\":{\"@id\":\"https:\/\/candor.hu\/#\/schema\/logo\/image\/\"}}]}<\/script>\n<!-- \/ Yoast SEO plugin. -->","yoast_head_json":{"title":"Szkipper oktat\u00e1s | Haj\u00f3s k\u00e9pz\u00e9s Adria | Candor.hu","description":"\u00c9vek \u00f3ta szervez\u00fcnk haj\u00f3vezet\u0151i vizsg\u00e1kat, vitorl\u00e1s tr\u00e9ningeket, melyekre kezd\u0151kt\u0151l halad\u00f3kig mindenkit v\u00e1runk.","robots":{"index":"index","follow":"follow","max-snippet":"max-snippet:-1","max-image-preview":"max-image-preview:large","max-video-preview":"max-video-preview:-1"},"canonical":"https:\/\/candor.hu\/index.php\/szkipper-oktatas\/","og_locale":"hu_HU","og_type":"article","og_title":"Szkipper oktat\u00e1s | Haj\u00f3s k\u00e9pz\u00e9s Adria | Candor.hu","og_description":"\u00c9vek \u00f3ta szervez\u00fcnk haj\u00f3vezet\u0151i vizsg\u00e1kat, vitorl\u00e1s tr\u00e9ningeket, melyekre kezd\u0151kt\u0151l halad\u00f3kig mindenkit v\u00e1runk.","og_url":"https:\/\/candor.hu\/index.php\/szkipper-oktatas\/","og_site_name":"Candor","article_modified_time":"2025-05-22T08:04:08+00:00","twitter_card":"summary_large_image","twitter_misc":{"Becs\u00fclt olvas\u00e1si id\u0151":"1 perc"},"schema":{"@context":"https:\/\/schema.org","@graph":[{"@type":"WebPage","@id":"https:\/\/candor.hu\/index.php\/szkipper-oktatas\/","url":"https:\/\/candor.hu\/index.php\/szkipper-oktatas\/","name":"Szkipper oktat\u00e1s | Haj\u00f3s k\u00e9pz\u00e9s Adria | Candor.hu","isPartOf":{"@id":"https:\/\/candor.hu\/#website"},"datePublished":"2024-04-02T21:22:17+00:00","dateModified":"2025-05-22T08:04:08+00:00","description":"\u00c9vek \u00f3ta szervez\u00fcnk haj\u00f3vezet\u0151i vizsg\u00e1kat, vitorl\u00e1s tr\u00e9ningeket, melyekre kezd\u0151kt\u0151l halad\u00f3kig mindenkit v\u00e1runk.","breadcrumb":{"@id":"https:\/\/candor.hu\/index.php\/szkipper-oktatas\/#breadcrumb"},"inLanguage":"hu","potentialAction":[{"@type":"ReadAction","target":["https:\/\/candor.hu\/index.php\/szkipper-oktatas\/"]}]},{"@type":"BreadcrumbList","@id":"https:\/\/candor.hu\/index.php\/szkipper-oktatas\/#breadcrumb","itemListElement":[{"@type":"ListItem","position":1,"name":"Kezd\u0151lap","item":"https:\/\/candor.hu\/"},{"@type":"ListItem","position":2,"name":"Szkipper oktat\u00e1s"}]},{"@type":"WebSite","@id":"https:\/\/candor.hu\/#website","url":"https:\/\/candor.hu\/","name":"Candor","description":"","publisher":{"@id":"https:\/\/candor.hu\/#organization"},"potentialAction":[{"@type":"SearchAction","target":{"@type":"EntryPoint","urlTemplate":"https:\/\/candor.hu\/?s={search_term_string}"},"query-input":{"@type":"PropertyValueSpecification","valueRequired":true,"valueName":"search_term_string"}}],"inLanguage":"hu"},{"@type":"Organization","@id":"https:\/\/candor.hu\/#organization","name":"Candor","url":"https:\/\/candor.hu\/","logo":{"@type":"ImageObject","inLanguage":"hu","@id":"https:\/\/candor.hu\/#\/schema\/logo\/image\/","url":"https:\/\/candor.hu\/wp-content\/uploads\/2023\/05\/cropped-candorlogo-01.png","contentUrl":"https:\/\/candor.hu\/wp-content\/uploads\/2023\/05\/cropped-candorlogo-01.png","width":754,"height":206,"caption":"Candor"},"image":{"@id":"https:\/\/candor.hu\/#\/schema\/logo\/image\/"}}]}},"jetpack_sharing_enabled":true,"_links":{"self":[{"href":"https:\/\/candor.hu\/index.php\/wp-json\/wp\/v2\/pages\/4764","targetHints":{"allow":["GET"]}}],"collection":[{"href":"https:\/\/candor.hu\/index.php\/wp-json\/wp\/v2\/pages"}],"about":[{"href":"https:\/\/candor.hu\/index.php\/wp-json\/wp\/v2\/types\/page"}],"author":[{"embeddable":true,"href":"https:\/\/candor.hu\/index.php\/wp-json\/wp\/v2\/users\/3"}],"replies":[{"embeddable":true,"href":"https:\/\/candor.hu\/index.php\/wp-json\/wp\/v2\/comments?post=4764"}],"version-history":[{"count":4,"href":"https:\/\/candor.hu\/index.php\/wp-json\/wp\/v2\/pages\/4764\/revisions"}],"predecessor-version":[{"id":4768,"href":"https:\/\/candor.hu\/index.php\/wp-json\/wp\/v2\/pages\/4764\/revisions\/4768"}],"wp:attachment":[{"href":"https:\/\/candor.hu\/index.php\/wp-json\/wp\/v2\/media?parent=4764"}],"curies":[{"name":"wp","href":"https:\/\/api.w.org\/{rel}","templated":true}]}}