{"id":5129,"date":"2024-06-18T10:09:24","date_gmt":"2024-06-18T10:09:24","guid":{"rendered":"https:\/\/candor.hu\/?page_id=5129"},"modified":"2026-02-06T04:58:26","modified_gmt":"2026-02-06T04:58:26","slug":"szervezett-vitorlas-turak","status":"publish","type":"page","link":"https:\/\/candor.hu\/index.php\/szervezett-vitorlas-turak\/","title":{"rendered":"Szervezett vitorl\u00e1s t\u00far\u00e1k"},"content":{"rendered":"\t\t<div data-elementor-type=\"wp-page\" data-elementor-id=\"5129\" class=\"elementor elementor-5129\" data-elementor-post-type=\"page\">\n\t\t\t\t\t\t<section class=\"elementor-section elementor-top-section elementor-element elementor-element-198e0892 elementor-section-height-min-height elementor-section-boxed elementor-section-height-default elementor-section-items-middle\" data-id=\"198e0892\" data-element_type=\"section\" data-e-type=\"section\" data-settings=\"{&quot;background_background&quot;:&quot;classic&quot;}\">\n\t\t\t\t\t\t\t<div class=\"elementor-background-overlay\"><\/div>\n\t\t\t\t\t\t\t<div class=\"elementor-container elementor-column-gap-default\">\n\t\t\t\t\t<div class=\"elementor-column elementor-col-100 elementor-top-column elementor-element elementor-element-372ceeeb\" data-id=\"372ceeeb\" data-element_type=\"column\" data-e-type=\"column\">\n\t\t\t<div class=\"elementor-widget-wrap elementor-element-populated\">\n\t\t\t\t\t\t<div class=\"elementor-element elementor-element-8fc8a7e de_scroll_animation_no elementor-invisible elementor-widget elementor-widget-heading\" data-id=\"8fc8a7e\" data-element_type=\"widget\" data-e-type=\"widget\" data-settings=\"{&quot;_animation&quot;:&quot;fadeIn&quot;}\" data-widget_type=\"heading.default\">\n\t\t\t\t<div class=\"elementor-widget-container\">\n\t\t\t\t\t<h2 class=\"elementor-heading-title elementor-size-default\">Szervezett vitorl\u00e1s t\u00far\u00e1k<\/h2>\t\t\t\t<\/div>\n\t\t\t\t<\/div>\n\t\t\t\t<div class=\"elementor-element elementor-element-284b5282 elementor-icon-list--layout-inline elementor-align-center elementor-list-item-link-full_width de_scroll_animation_no elementor-invisible elementor-widget elementor-widget-icon-list\" data-id=\"284b5282\" data-element_type=\"widget\" data-e-type=\"widget\" data-settings=\"{&quot;_animation&quot;:&quot;fadeIn&quot;,&quot;_animation_delay&quot;:200}\" data-widget_type=\"icon-list.default\">\n\t\t\t\t<div class=\"elementor-widget-container\">\n\t\t\t\t\t\t\t<ul class=\"elementor-icon-list-items elementor-inline-items\">\n\t\t\t\t\t\t\t<li class=\"elementor-icon-list-item elementor-inline-item\">\n\t\t\t\t\t\t\t\t\t\t\t<a href=\"#\">\n\n\t\t\t\t\t\t\t\t\t\t\t<span class=\"elementor-icon-list-text\">kezd\u0151lap<\/span>\n\t\t\t\t\t\t\t\t\t\t\t<\/a>\n\t\t\t\t\t\t\t\t\t<\/li>\n\t\t\t\t\t\t\t\t<li class=\"elementor-icon-list-item elementor-inline-item\">\n\t\t\t\t\t\t\t\t\t\t\t<span class=\"elementor-icon-list-icon\">\n\t\t\t\t\t\t\t<i aria-hidden=\"true\" class=\"icon icon-right-arrow2\"><\/i>\t\t\t\t\t\t<\/span>\n\t\t\t\t\t\t\t\t\t\t<span class=\"elementor-icon-list-text\">Szervezett vitorl\u00e1s t\u00far\u00e1k<\/span>\n\t\t\t\t\t\t\t\t\t<\/li>\n\t\t\t\t\t\t<\/ul>\n\t\t\t\t\t\t<\/div>\n\t\t\t\t<\/div>\n\t\t\t\t\t<\/div>\n\t\t<\/div>\n\t\t\t\t\t<\/div>\n\t\t<\/section>\n\t\t\t\t<section class=\"elementor-section elementor-top-section elementor-element elementor-element-1f6665 elementor-section-boxed elementor-section-height-default elementor-section-height-default\" data-id=\"1f6665\" data-element_type=\"section\" data-e-type=\"section\">\n\t\t\t\t\t\t<div class=\"elementor-container elementor-column-gap-default\">\n\t\t\t\t\t<div class=\"elementor-column elementor-col-100 elementor-top-column elementor-element elementor-element-170d21f4 elementor-invisible\" data-id=\"170d21f4\" data-element_type=\"column\" data-e-type=\"column\" data-settings=\"{&quot;animation&quot;:&quot;fadeIn&quot;,&quot;animation_delay&quot;:200}\">\n\t\t\t<div class=\"elementor-widget-wrap elementor-element-populated\">\n\t\t\t\t\t\t<div class=\"elementor-element elementor-element-1716960 de_scroll_animation_no elementor-widget elementor-widget-html\" data-id=\"1716960\" data-element_type=\"widget\" data-e-type=\"widget\" data-widget_type=\"html.default\">\n\t\t\t\t<div class=\"elementor-widget-container\">\n\t\t\t\t\t<script>\r\njQuery(document).ready(function($) {\r\nvar delay = 100; setTimeout(function() {\r\n$('.elementor-tab-title').removeClass('elementor-active');\r\n $('.elementor-tab-content').css('display', 'none'); }, delay);\r\n});\r\n<\/script>\t\t\t\t<\/div>\n\t\t\t\t<\/div>\n\t\t\t\t<section class=\"elementor-section elementor-inner-section elementor-element elementor-element-90c9051 elementor-section-boxed elementor-section-height-default elementor-section-height-default\" data-id=\"90c9051\" data-element_type=\"section\" data-e-type=\"section\">\n\t\t\t\t\t\t<div class=\"elementor-container elementor-column-gap-wide\">\n\t\t\t\t\t<div class=\"elementor-column elementor-col-50 elementor-inner-column elementor-element elementor-element-8a2a81e\" data-id=\"8a2a81e\" data-element_type=\"column\" data-e-type=\"column\">\n\t\t\t<div class=\"elementor-widget-wrap elementor-element-populated\">\n\t\t\t\t\t\t<div class=\"elementor-element elementor-element-5c9ca77 de_scroll_animation_no elementor-widget elementor-widget-heading\" data-id=\"5c9ca77\" data-element_type=\"widget\" data-e-type=\"widget\" data-widget_type=\"heading.default\">\n\t\t\t\t<div class=\"elementor-widget-container\">\n\t\t\t\t\t<h4 class=\"elementor-heading-title elementor-size-default\"><a href=\"https:\/\/candor.hu\/index.php\/behajozas-2024\/\">Behaj\u00f3z\u00e1s 2026<\/a><\/h4>\t\t\t\t<\/div>\n\t\t\t\t<\/div>\n\t\t\t\t<div class=\"elementor-element elementor-element-a184344 de_scroll_animation_no elementor-widget elementor-widget-text-editor\" data-id=\"a184344\" data-element_type=\"widget\" data-e-type=\"widget\" data-widget_type=\"text-editor.default\">\n\t\t\t\t<div class=\"elementor-widget-container\">\n\t\t\t\t\t\t\t\t\t<p style=\"font-variant-ligatures: normal; font-variant-caps: normal; font-family: 'Work Sans', sans-serif; font-size: 14px; font-style: normal; font-weight: 300;\"><span style=\"font-weight: 600; font-size: 14px;\">Kedves Candor Vitorl\u00e1z\u00f3k!<\/span><\/p><p style=\"font-variant-ligatures: normal; font-variant-caps: normal; font-family: 'Work Sans', sans-serif; font-size: 14px; font-style: normal; font-weight: 300;\">2026 lesz a Candor Charter huszon\u00f6t\u00f6dik vitorl\u00e1s szezonja \u00e9s id\u00e9n is az \u00fajragondolt form\u00e1j\u00e1ban rendezz\u00fck meg a Behaj\u00f3z\u00e1st. Hallgattunk a visszajelz\u00e9seitekre, tanultunk a tapasztalatokb\u00f3l, \u00e9s most szeretettel h\u00edvunk a flotta j\u00f6v\u0151 tavaszi behaj\u00f3z\u00e1s\u00e1ra!<\/p><p style=\"font-variant-ligatures: normal; font-variant-caps: normal; font-family: 'Work Sans', sans-serif; font-size: 14px; font-style: normal; font-weight: 300;\">\u00a0<\/p>\t\t\t\t\t\t\t\t<\/div>\n\t\t\t\t<\/div>\n\t\t\t\t<div class=\"elementor-element elementor-element-78fd9b0 de_scroll_animation_no elementor-widget elementor-widget-button\" data-id=\"78fd9b0\" data-element_type=\"widget\" data-e-type=\"widget\" data-widget_type=\"button.default\">\n\t\t\t\t<div class=\"elementor-widget-container\">\n\t\t\t\t\t\t\t\t\t<div class=\"elementor-button-wrapper\">\n\t\t\t\t\t<a class=\"elementor-button elementor-button-link elementor-size-sm\" href=\"https:\/\/candor.hu\/index.php\/behajozas\">\n\t\t\t\t\t\t<span class=\"elementor-button-content-wrapper\">\n\t\t\t\t\t\t\t\t\t<span class=\"elementor-button-text\">R\u00e9szletek<\/span>\n\t\t\t\t\t<\/span>\n\t\t\t\t\t<\/a>\n\t\t\t\t<\/div>\n\t\t\t\t\t\t\t\t<\/div>\n\t\t\t\t<\/div>\n\t\t\t\t\t<\/div>\n\t\t<\/div>\n\t\t\t\t<div class=\"elementor-column elementor-col-50 elementor-inner-column elementor-element elementor-element-ddebb66\" data-id=\"ddebb66\" data-element_type=\"column\" data-e-type=\"column\">\n\t\t\t<div class=\"elementor-widget-wrap elementor-element-populated\">\n\t\t\t\t\t\t<div class=\"elementor-element elementor-element-d885aa9 de_scroll_animation_no elementor-widget elementor-widget-heading\" data-id=\"d885aa9\" data-element_type=\"widget\" data-e-type=\"widget\" data-widget_type=\"heading.default\">\n\t\t\t\t<div class=\"elementor-widget-container\">\n\t\t\t\t\t<h4 class=\"elementor-heading-title elementor-size-default\"><a href=\"https:\/\/candor.hu\/index.php\/del-adria-ot-orszag-tura\/\">CANDOR CABIN CHARTER - CCC REBOOTED<\/a><\/h4>\t\t\t\t<\/div>\n\t\t\t\t<\/div>\n\t\t\t\t<div class=\"elementor-element elementor-element-a8c1fc8 de_scroll_animation_no elementor-widget elementor-widget-text-editor\" data-id=\"a8c1fc8\" data-element_type=\"widget\" data-e-type=\"widget\" data-widget_type=\"text-editor.default\">\n\t\t\t\t<div class=\"elementor-widget-container\">\n\t\t\t\t\t\t\t\t\t<p><span style=\"font-weight: 400;\">Az idei szezonban egy igaz\u00e1n k\u00fcl\u00f6nleges dologgal k\u00e9sz\u00fcl\u00fcnk nektek: \u00fatt\u00f6r\u0151k\u00e9nt szeretn\u00e9nk bemutatni a magyar k\u00f6r\u00f6kben, itt Horv\u00e1torsz\u00e1gban a <\/span><b>ny\u00e1ri<\/b> <b>kabin chartert<\/b><span style=\"font-weight: 400;\">! A m\u00e1r ismert tavaszi \u00e9s \u0151szi programjaink (Behaj\u00f3z\u00e1s, \u0150szi t\u00fara) nagyon n\u00e9pszer\u0171ek, f\u0151szezonban viszont m\u00e9g senki nem mert ezzel foglalkozni. Ezen v\u00e1ltoztatunk most!<\/span><\/p>\t\t\t\t\t\t\t\t<\/div>\n\t\t\t\t<\/div>\n\t\t\t\t<div class=\"elementor-element elementor-element-2318805 de_scroll_animation_no elementor-widget elementor-widget-button\" data-id=\"2318805\" data-element_type=\"widget\" data-e-type=\"widget\" data-widget_type=\"button.default\">\n\t\t\t\t<div class=\"elementor-widget-container\">\n\t\t\t\t\t\t\t\t\t<div class=\"elementor-button-wrapper\">\n\t\t\t\t\t<a class=\"elementor-button elementor-button-link elementor-size-sm\" href=\"https:\/\/candor.hu\/index.php\/candor-cabin-charter\">\n\t\t\t\t\t\t<span class=\"elementor-button-content-wrapper\">\n\t\t\t\t\t\t\t\t\t<span class=\"elementor-button-text\">R\u00e9szletek<\/span>\n\t\t\t\t\t<\/span>\n\t\t\t\t\t<\/a>\n\t\t\t\t<\/div>\n\t\t\t\t\t\t\t\t<\/div>\n\t\t\t\t<\/div>\n\t\t\t\t\t<\/div>\n\t\t<\/div>\n\t\t\t\t\t<\/div>\n\t\t<\/section>\n\t\t\t\t<section class=\"elementor-section elementor-inner-section elementor-element elementor-element-a23a3ca elementor-section-boxed elementor-section-height-default elementor-section-height-default\" data-id=\"a23a3ca\" data-element_type=\"section\" data-e-type=\"section\">\n\t\t\t\t\t\t<div class=\"elementor-container elementor-column-gap-wide\">\n\t\t\t\t\t<div class=\"elementor-column elementor-col-50 elementor-inner-column elementor-element elementor-element-f901fe9\" data-id=\"f901fe9\" data-element_type=\"column\" data-e-type=\"column\">\n\t\t\t<div class=\"elementor-widget-wrap elementor-element-populated\">\n\t\t\t\t\t\t<div class=\"elementor-element elementor-element-d9e76c9 de_scroll_animation_no elementor-widget elementor-widget-heading\" data-id=\"d9e76c9\" data-element_type=\"widget\" data-e-type=\"widget\" data-widget_type=\"heading.default\">\n\t\t\t\t<div class=\"elementor-widget-container\">\n\t\t\t\t\t<h4 class=\"elementor-heading-title elementor-size-default\"><a href=\"https:\/\/candor.hu\/index.php\/oszi-tura\/\">CCC \u0151szi t\u00fara \u00e9s Viska Regatta 2025<\/a><\/h4>\t\t\t\t<\/div>\n\t\t\t\t<\/div>\n\t\t\t\t<div class=\"elementor-element elementor-element-b8a1633 de_scroll_animation_no elementor-widget elementor-widget-text-editor\" data-id=\"b8a1633\" data-element_type=\"widget\" data-e-type=\"widget\" data-widget_type=\"text-editor.default\">\n\t\t\t\t<div class=\"elementor-widget-container\">\n\t\t\t\t\t\t\t\t\t<p class=\"p1\">Tavaly sikeres volt, ez\u00e9rt id\u00e9n is megism\u00e9telj\u00fck a verseny \u00e9s t\u00fara komb\u00f3t, kezdve a Viska Regatta csapat\u00e1ssal, befejezve egy kiad\u00f3s vitorl\u00e1st\u00far\u00e1val. R\u00e9szt lehet venni mindkett\u0151n is, de k\u00fcl\u00f6n-k\u00fcl\u00f6n is v\u00e1runk szeretettel!<\/p>\t\t\t\t\t\t\t\t<\/div>\n\t\t\t\t<\/div>\n\t\t\t\t<div class=\"elementor-element elementor-element-4a98105 de_scroll_animation_no elementor-widget elementor-widget-button\" data-id=\"4a98105\" data-element_type=\"widget\" data-e-type=\"widget\" data-widget_type=\"button.default\">\n\t\t\t\t<div class=\"elementor-widget-container\">\n\t\t\t\t\t\t\t\t\t<div class=\"elementor-button-wrapper\">\n\t\t\t\t\t<a class=\"elementor-button elementor-button-link elementor-size-sm\" href=\"https:\/\/candor.hu\/index.php\/oszi-tura\/\">\n\t\t\t\t\t\t<span class=\"elementor-button-content-wrapper\">\n\t\t\t\t\t\t\t\t\t<span class=\"elementor-button-text\">R\u00e9szletek<\/span>\n\t\t\t\t\t<\/span>\n\t\t\t\t\t<\/a>\n\t\t\t\t<\/div>\n\t\t\t\t\t\t\t\t<\/div>\n\t\t\t\t<\/div>\n\t\t\t\t\t<\/div>\n\t\t<\/div>\n\t\t\t\t<div class=\"elementor-column elementor-col-50 elementor-inner-column elementor-element elementor-element-94b4d86\" data-id=\"94b4d86\" data-element_type=\"column\" data-e-type=\"column\">\n\t\t\t<div class=\"elementor-widget-wrap elementor-element-populated\">\n\t\t\t\t\t\t<div class=\"elementor-element elementor-element-b722b5f de_scroll_animation_no elementor-widget elementor-widget-heading\" data-id=\"b722b5f\" data-element_type=\"widget\" data-e-type=\"widget\" data-widget_type=\"heading.default\">\n\t\t\t\t<div class=\"elementor-widget-container\">\n\t\t\t\t\t<h4 class=\"elementor-heading-title elementor-size-default\"><a href=\"https:\/\/candor.hu\/index.php\/del-adria-ot-orszag-tura\/\">D\u00e9l-Adria \u00f6t orsz\u00e1g 2024<\/a><\/h4>\t\t\t\t<\/div>\n\t\t\t\t<\/div>\n\t\t\t\t<div class=\"elementor-element elementor-element-08072c5 de_scroll_animation_no elementor-widget elementor-widget-text-editor\" data-id=\"08072c5\" data-element_type=\"widget\" data-e-type=\"widget\" data-widget_type=\"text-editor.default\">\n\t\t\t\t<div class=\"elementor-widget-container\">\n\t\t\t\t\t\t\t\t\t<p><strong>Az eddigi legnagyobb Candor kaland volt, m\u00e1r szervezz\u00fck j\u00f6v\u0151re is!<\/strong><\/p><p>H\u00e1rom haj\u00f3val, 18 emberrel, 6 csom\u00f3s \u00e1tlag sebess\u00e9ggel befejezt\u00fck a D\u00e9l-Adria t\u00far\u00e1t! Nem t\u00falz\u00e1s azt mondani, hogy t\u00e9nyleg ez volt a Candor eddigi legnagyobb hangv\u00e9tel\u0171 t\u00far\u00e1ja. A k\u00e9t h\u00e9t alatt \u00f6sszesen 752 tengeri m\u00e9rf\u00f6ldet tett\u00fcnk meg, 5 napnyi tiszta haj\u00f3z\u00e1ssal. Sokat ment\u00fcnk sz\u00e9llel szemben, es\u0151ben, hull\u00e1mokban, viszont ut\u00e1na mindig kiel\u00e9g\u00edtett a kik\u00f6t\u00e9s \u00e9s a gy\u00f6ny\u00f6r\u0171 v\u00e1rosok k\u00fcl\u00f6nb\u00f6z\u0151 kult\u00far\u00e1ja, vend\u00e9gl\u00e1t\u00e1sa, \u00e9p\u00edt\u00e9szete \u00e9s persze a helyiek diverzit\u00e1sa.<\/p>\t\t\t\t\t\t\t\t<\/div>\n\t\t\t\t<\/div>\n\t\t\t\t<div class=\"elementor-element elementor-element-99876c4 de_scroll_animation_no elementor-widget elementor-widget-button\" data-id=\"99876c4\" data-element_type=\"widget\" data-e-type=\"widget\" data-widget_type=\"button.default\">\n\t\t\t\t<div class=\"elementor-widget-container\">\n\t\t\t\t\t\t\t\t\t<div class=\"elementor-button-wrapper\">\n\t\t\t\t\t<a class=\"elementor-button elementor-button-link elementor-size-sm\" href=\"https:\/\/candor.hu\/index.php\/del-adria-ot-orszag-tura\/\">\n\t\t\t\t\t\t<span class=\"elementor-button-content-wrapper\">\n\t\t\t\t\t\t\t\t\t<span class=\"elementor-button-text\">R\u00e9szletek<\/span>\n\t\t\t\t\t<\/span>\n\t\t\t\t\t<\/a>\n\t\t\t\t<\/div>\n\t\t\t\t\t\t\t\t<\/div>\n\t\t\t\t<\/div>\n\t\t\t\t\t<\/div>\n\t\t<\/div>\n\t\t\t\t\t<\/div>\n\t\t<\/section>\n\t\t\t\t\t<\/div>\n\t\t<\/div>\n\t\t\t\t\t<\/div>\n\t\t<\/section>\n\t\t\t\t<section class=\"elementor-section elementor-top-section elementor-element elementor-element-328521b1 elementor-section-full_width elementor-section-height-default elementor-section-height-default elementor-invisible\" data-id=\"328521b1\" data-element_type=\"section\" data-e-type=\"section\" data-settings=\"{&quot;animation&quot;:&quot;fadeIn&quot;}\">\n\t\t\t\t\t\t<div class=\"elementor-container elementor-column-gap-default\">\n\t\t\t\t\t<div class=\"elementor-column elementor-col-100 elementor-top-column elementor-element elementor-element-1fddbeed\" data-id=\"1fddbeed\" data-element_type=\"column\" data-e-type=\"column\">\n\t\t\t<div class=\"elementor-widget-wrap elementor-element-populated\">\n\t\t\t\t\t\t<div class=\"elementor-element elementor-element-25a610e2 de_scroll_animation_no elementor-widget elementor-widget-google_maps\" data-id=\"25a610e2\" data-element_type=\"widget\" data-e-type=\"widget\" data-widget_type=\"google_maps.default\">\n\t\t\t\t<div class=\"elementor-widget-container\">\n\t\t\t\t\t\t\t<div class=\"elementor-custom-embed\">\n\t\t\t<iframe loading=\"lazy\"\n\t\t\t\t\tsrc=\"https:\/\/maps.google.com\/maps?q=Candor%20Charter%2C%20Cesta%20Franje%20Tu%C4%91mana%2C%20Ka%C5%A1tel%20Gomilica%2C%20Horv%C3%A1torsz%C3%A1g&#038;t=m&#038;z=14&#038;output=embed&#038;iwloc=near\"\n\t\t\t\t\ttitle=\"Candor Charter, Cesta Franje Tu\u0111mana, Ka\u0161tel Gomilica, Horv\u00e1torsz\u00e1g\"\n\t\t\t\t\taria-label=\"Candor Charter, Cesta Franje Tu\u0111mana, Ka\u0161tel Gomilica, Horv\u00e1torsz\u00e1g\"\n\t\t\t><\/iframe>\n\t\t<\/div>\n\t\t\t\t\t\t<\/div>\n\t\t\t\t<\/div>\n\t\t\t\t\t<\/div>\n\t\t<\/div>\n\t\t\t\t\t<\/div>\n\t\t<\/section>\n\t\t\t\t<\/div>\n\t\t","protected":false},"excerpt":{"rendered":"<p>Szervezett vitorl\u00e1s t\u00far\u00e1k kezd\u0151lap Szervezett vitorl\u00e1s t\u00far\u00e1k Behaj\u00f3z\u00e1s 2026 Kedves Candor Vitorl\u00e1z\u00f3k! 2026 lesz a Candor Charter huszon\u00f6t\u00f6dik vitorl\u00e1s szezonja \u00e9s id\u00e9n is az \u00fajragondolt form\u00e1j\u00e1ban rendezz\u00fck meg a Behaj\u00f3z\u00e1st. Hallgattunk a visszajelz\u00e9seitekre, tanultunk a tapasztalatokb\u00f3l, \u00e9s most szeretettel h\u00edvunk a flotta j\u00f6v\u0151 tavaszi behaj\u00f3z\u00e1s\u00e1ra! \u00a0 R\u00e9szletek CANDOR CABIN CHARTER &#8211; CCC REBOOTED Az idei [&hellip;]<\/p>\n","protected":false},"author":3,"featured_media":0,"parent":0,"menu_order":0,"comment_status":"closed","ping_status":"closed","template":"elementor_header_footer","meta":{"footnotes":""},"class_list":["post-5129","page","type-page","status-publish","hentry","entry","owp-thumbs-layout-horizontal","owp-btn-normal","owp-tabs-layout-horizontal","has-no-thumbnails","has-product-nav"],"yoast_head":"<!-- This site is optimized with the Yoast SEO plugin v27.2 - https:\/\/yoast.com\/product\/yoast-seo-wordpress\/ -->\n<title>Vitorl\u00e1s tr\u00e9ning Horv\u00e1torsz\u00e1g | Candor.hu<\/title>\n<meta name=\"description\" content=\"A Candorn\u00e1l lehet\u0151s\u00e9ged van elm\u00e9leti \u00e9s gyakorlati oktat\u00e1sokon r\u00e9szt venni, hogy magabiztosan szelhesd a hull\u00e1mokat.\" \/>\n<meta name=\"robots\" content=\"index, follow, max-snippet:-1, max-image-preview:large, max-video-preview:-1\" \/>\n<link rel=\"canonical\" href=\"https:\/\/candor.hu\/index.php\/szervezett-vitorlas-turak\/\" \/>\n<meta property=\"og:locale\" content=\"hu_HU\" \/>\n<meta property=\"og:type\" content=\"article\" \/>\n<meta property=\"og:title\" content=\"Vitorl\u00e1s tr\u00e9ning Horv\u00e1torsz\u00e1g | Candor.hu\" \/>\n<meta property=\"og:description\" content=\"A Candorn\u00e1l lehet\u0151s\u00e9ged van elm\u00e9leti \u00e9s gyakorlati oktat\u00e1sokon r\u00e9szt venni, hogy magabiztosan szelhesd a hull\u00e1mokat.\" \/>\n<meta property=\"og:url\" content=\"https:\/\/candor.hu\/index.php\/szervezett-vitorlas-turak\/\" \/>\n<meta property=\"og:site_name\" content=\"Candor\" \/>\n<meta property=\"article:modified_time\" content=\"2026-02-06T04:58:26+00:00\" \/>\n<meta name=\"twitter:card\" content=\"summary_large_image\" \/>\n<meta name=\"twitter:label1\" content=\"Becs\u00fclt olvas\u00e1si id\u0151\" \/>\n\t<meta name=\"twitter:data1\" content=\"2 perc\" \/>\n<script type=\"application\/ld+json\" class=\"yoast-schema-graph\">{\"@context\":\"https:\/\/schema.org\",\"@graph\":[{\"@type\":\"WebPage\",\"@id\":\"https:\/\/candor.hu\/index.php\/szervezett-vitorlas-turak\/\",\"url\":\"https:\/\/candor.hu\/index.php\/szervezett-vitorlas-turak\/\",\"name\":\"Vitorl\u00e1s tr\u00e9ning Horv\u00e1torsz\u00e1g | Candor.hu\",\"isPartOf\":{\"@id\":\"https:\/\/candor.hu\/#website\"},\"datePublished\":\"2024-06-18T10:09:24+00:00\",\"dateModified\":\"2026-02-06T04:58:26+00:00\",\"description\":\"A Candorn\u00e1l lehet\u0151s\u00e9ged van elm\u00e9leti \u00e9s gyakorlati oktat\u00e1sokon r\u00e9szt venni, hogy magabiztosan szelhesd a hull\u00e1mokat.\",\"breadcrumb\":{\"@id\":\"https:\/\/candor.hu\/index.php\/szervezett-vitorlas-turak\/#breadcrumb\"},\"inLanguage\":\"hu\",\"potentialAction\":[{\"@type\":\"ReadAction\",\"target\":[\"https:\/\/candor.hu\/index.php\/szervezett-vitorlas-turak\/\"]}]},{\"@type\":\"BreadcrumbList\",\"@id\":\"https:\/\/candor.hu\/index.php\/szervezett-vitorlas-turak\/#breadcrumb\",\"itemListElement\":[{\"@type\":\"ListItem\",\"position\":1,\"name\":\"Kezd\u0151lap\",\"item\":\"https:\/\/candor.hu\/\"},{\"@type\":\"ListItem\",\"position\":2,\"name\":\"Szervezett vitorl\u00e1s t\u00far\u00e1k\"}]},{\"@type\":\"WebSite\",\"@id\":\"https:\/\/candor.hu\/#website\",\"url\":\"https:\/\/candor.hu\/\",\"name\":\"Candor\",\"description\":\"\",\"publisher\":{\"@id\":\"https:\/\/candor.hu\/#organization\"},\"potentialAction\":[{\"@type\":\"SearchAction\",\"target\":{\"@type\":\"EntryPoint\",\"urlTemplate\":\"https:\/\/candor.hu\/?s={search_term_string}\"},\"query-input\":{\"@type\":\"PropertyValueSpecification\",\"valueRequired\":true,\"valueName\":\"search_term_string\"}}],\"inLanguage\":\"hu\"},{\"@type\":\"Organization\",\"@id\":\"https:\/\/candor.hu\/#organization\",\"name\":\"Candor\",\"url\":\"https:\/\/candor.hu\/\",\"logo\":{\"@type\":\"ImageObject\",\"inLanguage\":\"hu\",\"@id\":\"https:\/\/candor.hu\/#\/schema\/logo\/image\/\",\"url\":\"https:\/\/candor.hu\/wp-content\/uploads\/2023\/05\/cropped-candorlogo-01.png\",\"contentUrl\":\"https:\/\/candor.hu\/wp-content\/uploads\/2023\/05\/cropped-candorlogo-01.png\",\"width\":754,\"height\":206,\"caption\":\"Candor\"},\"image\":{\"@id\":\"https:\/\/candor.hu\/#\/schema\/logo\/image\/\"}}]}<\/script>\n<!-- \/ Yoast SEO plugin. -->","yoast_head_json":{"title":"Vitorl\u00e1s tr\u00e9ning Horv\u00e1torsz\u00e1g | Candor.hu","description":"A Candorn\u00e1l lehet\u0151s\u00e9ged van elm\u00e9leti \u00e9s gyakorlati oktat\u00e1sokon r\u00e9szt venni, hogy magabiztosan szelhesd a hull\u00e1mokat.","robots":{"index":"index","follow":"follow","max-snippet":"max-snippet:-1","max-image-preview":"max-image-preview:large","max-video-preview":"max-video-preview:-1"},"canonical":"https:\/\/candor.hu\/index.php\/szervezett-vitorlas-turak\/","og_locale":"hu_HU","og_type":"article","og_title":"Vitorl\u00e1s tr\u00e9ning Horv\u00e1torsz\u00e1g | Candor.hu","og_description":"A Candorn\u00e1l lehet\u0151s\u00e9ged van elm\u00e9leti \u00e9s gyakorlati oktat\u00e1sokon r\u00e9szt venni, hogy magabiztosan szelhesd a hull\u00e1mokat.","og_url":"https:\/\/candor.hu\/index.php\/szervezett-vitorlas-turak\/","og_site_name":"Candor","article_modified_time":"2026-02-06T04:58:26+00:00","twitter_card":"summary_large_image","twitter_misc":{"Becs\u00fclt olvas\u00e1si id\u0151":"2 perc"},"schema":{"@context":"https:\/\/schema.org","@graph":[{"@type":"WebPage","@id":"https:\/\/candor.hu\/index.php\/szervezett-vitorlas-turak\/","url":"https:\/\/candor.hu\/index.php\/szervezett-vitorlas-turak\/","name":"Vitorl\u00e1s tr\u00e9ning Horv\u00e1torsz\u00e1g | Candor.hu","isPartOf":{"@id":"https:\/\/candor.hu\/#website"},"datePublished":"2024-06-18T10:09:24+00:00","dateModified":"2026-02-06T04:58:26+00:00","description":"A Candorn\u00e1l lehet\u0151s\u00e9ged van elm\u00e9leti \u00e9s gyakorlati oktat\u00e1sokon r\u00e9szt venni, hogy magabiztosan szelhesd a hull\u00e1mokat.","breadcrumb":{"@id":"https:\/\/candor.hu\/index.php\/szervezett-vitorlas-turak\/#breadcrumb"},"inLanguage":"hu","potentialAction":[{"@type":"ReadAction","target":["https:\/\/candor.hu\/index.php\/szervezett-vitorlas-turak\/"]}]},{"@type":"BreadcrumbList","@id":"https:\/\/candor.hu\/index.php\/szervezett-vitorlas-turak\/#breadcrumb","itemListElement":[{"@type":"ListItem","position":1,"name":"Kezd\u0151lap","item":"https:\/\/candor.hu\/"},{"@type":"ListItem","position":2,"name":"Szervezett vitorl\u00e1s t\u00far\u00e1k"}]},{"@type":"WebSite","@id":"https:\/\/candor.hu\/#website","url":"https:\/\/candor.hu\/","name":"Candor","description":"","publisher":{"@id":"https:\/\/candor.hu\/#organization"},"potentialAction":[{"@type":"SearchAction","target":{"@type":"EntryPoint","urlTemplate":"https:\/\/candor.hu\/?s={search_term_string}"},"query-input":{"@type":"PropertyValueSpecification","valueRequired":true,"valueName":"search_term_string"}}],"inLanguage":"hu"},{"@type":"Organization","@id":"https:\/\/candor.hu\/#organization","name":"Candor","url":"https:\/\/candor.hu\/","logo":{"@type":"ImageObject","inLanguage":"hu","@id":"https:\/\/candor.hu\/#\/schema\/logo\/image\/","url":"https:\/\/candor.hu\/wp-content\/uploads\/2023\/05\/cropped-candorlogo-01.png","contentUrl":"https:\/\/candor.hu\/wp-content\/uploads\/2023\/05\/cropped-candorlogo-01.png","width":754,"height":206,"caption":"Candor"},"image":{"@id":"https:\/\/candor.hu\/#\/schema\/logo\/image\/"}}]}},"jetpack_sharing_enabled":true,"_links":{"self":[{"href":"https:\/\/candor.hu\/index.php\/wp-json\/wp\/v2\/pages\/5129","targetHints":{"allow":["GET"]}}],"collection":[{"href":"https:\/\/candor.hu\/index.php\/wp-json\/wp\/v2\/pages"}],"about":[{"href":"https:\/\/candor.hu\/index.php\/wp-json\/wp\/v2\/types\/page"}],"author":[{"embeddable":true,"href":"https:\/\/candor.hu\/index.php\/wp-json\/wp\/v2\/users\/3"}],"replies":[{"embeddable":true,"href":"https:\/\/candor.hu\/index.php\/wp-json\/wp\/v2\/comments?post=5129"}],"version-history":[{"count":46,"href":"https:\/\/candor.hu\/index.php\/wp-json\/wp\/v2\/pages\/5129\/revisions"}],"predecessor-version":[{"id":6191,"href":"https:\/\/candor.hu\/index.php\/wp-json\/wp\/v2\/pages\/5129\/revisions\/6191"}],"wp:attachment":[{"href":"https:\/\/candor.hu\/index.php\/wp-json\/wp\/v2\/media?parent=5129"}],"curies":[{"name":"wp","href":"https:\/\/api.w.org\/{rel}","templated":true}]}}