{"id":5332,"date":"2024-08-22T09:30:40","date_gmt":"2024-08-22T09:30:40","guid":{"rendered":"https:\/\/candor.hu\/?page_id=5332"},"modified":"2024-08-22T09:41:05","modified_gmt":"2024-08-22T09:41:05","slug":"vitorlas-tura-az-adrian-mire-van-szukseg","status":"publish","type":"page","link":"https:\/\/candor.hu\/index.php\/vitorlas-tura-az-adrian-mire-van-szukseg\/","title":{"rendered":"Vitorl\u00e1s t\u00fara az Adri\u00e1n \u2013 mire van sz\u00fcks\u00e9g?"},"content":{"rendered":"\t\t<div data-elementor-type=\"wp-page\" data-elementor-id=\"5332\" class=\"elementor elementor-5332\" data-elementor-post-type=\"page\">\n\t\t\t\t\t\t<section class=\"elementor-section elementor-top-section elementor-element elementor-element-aaadd85 elementor-section-boxed elementor-section-height-default elementor-section-height-default\" data-id=\"aaadd85\" data-element_type=\"section\" data-e-type=\"section\">\n\t\t\t\t\t\t<div class=\"elementor-container elementor-column-gap-default\">\n\t\t\t\t\t<div class=\"elementor-column elementor-col-100 elementor-top-column elementor-element elementor-element-0d0fa4d\" data-id=\"0d0fa4d\" data-element_type=\"column\" data-e-type=\"column\">\n\t\t\t<div class=\"elementor-widget-wrap\">\n\t\t\t\t\t\t\t<\/div>\n\t\t<\/div>\n\t\t\t\t\t<\/div>\n\t\t<\/section>\n\t\t\t\t<section class=\"elementor-section elementor-top-section elementor-element elementor-element-5227458 elementor-section-boxed elementor-section-height-default elementor-section-height-default\" data-id=\"5227458\" data-element_type=\"section\" data-e-type=\"section\">\n\t\t\t\t\t\t<div class=\"elementor-container elementor-column-gap-default\">\n\t\t\t\t\t<div class=\"elementor-column elementor-col-100 elementor-top-column elementor-element elementor-element-787288c\" data-id=\"787288c\" data-element_type=\"column\" data-e-type=\"column\">\n\t\t\t<div class=\"elementor-widget-wrap elementor-element-populated\">\n\t\t\t\t\t\t<div class=\"elementor-element elementor-element-f353678 de_scroll_animation_no elementor-widget elementor-widget-spacer\" data-id=\"f353678\" data-element_type=\"widget\" data-e-type=\"widget\" data-widget_type=\"spacer.default\">\n\t\t\t\t<div class=\"elementor-widget-container\">\n\t\t\t\t\t\t\t<div class=\"elementor-spacer\">\n\t\t\t<div class=\"elementor-spacer-inner\"><\/div>\n\t\t<\/div>\n\t\t\t\t\t\t<\/div>\n\t\t\t\t<\/div>\n\t\t\t\t<div class=\"elementor-element elementor-element-abf51a9 de_scroll_animation_no elementor-widget elementor-widget-heading\" data-id=\"abf51a9\" data-element_type=\"widget\" data-e-type=\"widget\" data-widget_type=\"heading.default\">\n\t\t\t\t<div class=\"elementor-widget-container\">\n\t\t\t\t\t<h2 class=\"elementor-heading-title elementor-size-default\">Vitorl\u00e1s t\u00fara az Adri\u00e1n \u2013 mire van sz\u00fcks\u00e9g?<\/h2>\t\t\t\t<\/div>\n\t\t\t\t<\/div>\n\t\t\t\t<div class=\"elementor-element elementor-element-7da40dc de_scroll_animation_no elementor-widget elementor-widget-text-editor\" data-id=\"7da40dc\" data-element_type=\"widget\" data-e-type=\"widget\" data-widget_type=\"text-editor.default\">\n\t\t\t\t<div class=\"elementor-widget-container\">\n\t\t\t\t\t\t\t\t\t<p>Egy vitorl\u00e1s t\u00fara az Adri\u00e1n minden bizonnyal fantasztikus \u00e9lm\u00e9ny. Szelni a habokat, ahol k\u00f6r\u00fclvesz minket a gy\u00f6ny\u00f6r\u0171 sz\u00e9p k\u00e9k v\u00edz. Eldugott \u00f6bl\u00f6ket \u00e9s lag\u00fan\u00e1kat felfedezni. Megannyi izgalmat \u00e9s kalandot rejthet egy vitorl\u00e1s nyaral\u00e1s, induljunk \u00fatnak ak\u00e1r bar\u00e1tokkal vagy ak\u00e1r csal\u00e1ddal. A biztons\u00e1gos, valamint sikeres utaz\u00e1shoz azonban sz\u00e1mos dolgot kell szem el\u0151tt tartani, hiszen a v\u00edzen megannyi v\u00e1ratlan helyzettel tal\u00e1lhatjuk szemben magunkat.<\/p><p>Ha eld\u00f6nt\u00f6tt\u00fck \u00e9s teljesen biztosak vagyunk benne, hogy egy k\u00fcl\u00f6nleges nyaral\u00e1sra v\u00e1gyunk, \u00e9s vitorl\u00e1s t\u00far\u00e1ra indulunk az Adri\u00e1n sz\u00fcks\u00e9g\u00fcnk lesz n\u00e9h\u00e1ny dologra.<\/p><p>Az els\u0151 \u00e9s legfontosabb ugyeb\u00e1r maga a vitorl\u00e1shaj\u00f3. Ez egyb\u0151l hatalmas fejt\u00f6r\u00e9st okozhatna, hiszen nem sokan tehetj\u00fck meg, hogy vitorl\u00e1st v\u00e1s\u00e1roljunk. Aggodalomra azonban semmi okunk, hiszen ma m\u00e1r haj\u00f3 b\u00e9rl\u00e9sre is van lehet\u0151s\u00e9g\u00fcnk. Nincs m\u00e1s dolgunk, mint az ig\u00e9nyeinknek megfelel\u0151 t\u00edpust kiv\u00e1lasztani \u00e9s lefoglalni a meg\u00e1lmodott id\u0151pontra.<\/p><p>Ha m\u00e1r kor\u00e1bban vitorl\u00e1ztunk, \u00e9s rendelkez\u00fcnk a megfelel\u0151 k\u00e9pes\u00edt\u00e9ssel, jogos\u00edtv\u00e1nnyal \u00e9s a tud\u00e1sunk sem kopott meg az elm\u00falt id\u0151szakban, akkor mi magunk is nekiv\u00e1ghatunk az \u00fatnak \u00f6n\u00e1ll\u00f3an, azonban ezek hi\u00e1ny\u00e1ban nem indulhatunk el. Ebben az esetben is van megold\u00e1s, hiszen a vitorl\u00e1shaj\u00f3t skipperrel, azaz kapit\u00e1nnyal egy\u00fctt is k\u00f6lcs\u00f6n\u00f6zhetj\u00fck. \u00cdgy nek\u00fcnk nincs m\u00e1s dolgunk, mint \u00e9lvezni a vitorl\u00e1s t\u00far\u00e1t, nem kell a navig\u00e1ci\u00f3val \u00e9s a man\u0151verez\u00e9ssel, a sz\u00e9l befog\u00e1s\u00e1val foglalkoznunk.<\/p><p>Indul\u00e1s el\u0151tt fontos a tervez\u00e9s. M\u00e9g a mai technol\u00f3gi\u00e1kkal sem tudjuk biztosan megj\u00f3solni az id\u0151j\u00e1r\u00e1st, ink\u00e1bb csak kiindul\u00f3pontk\u00e9nt tekinthet\u00fcnk az el\u0151rejelz\u00e9sekre. Ennek fej\u00e9ben fontos, hogy t\u00f6bb eshet\u0151s\u00e9gre is k\u00e9sz\u00fclj\u00fcnk, nehogy egy hirtelen sz\u00e9lir\u00e1ny v\u00e1ltoz\u00e1s eset\u00e9n, p\u00e1nikba ess\u00fcnk a tengeren. Legy\u00fcnk tiszt\u00e1ban az uralkod\u00f3 id\u0151j\u00e1r\u00e1s jellemz\u0151ivel, az \u00e1ramlatokkal \u00e9s persze ismerj\u00fck a kik\u00f6t\u0151helyeket \u00e9s \u00f6bl\u00f6ket. Ebben b\u00e1rmikor kik\u00e9rhetj\u00fck a szakk\u00e9pzett \u00e9s helyismerettel rendelkez\u0151 kapit\u00e1nyunk v\u00e9lem\u00e9ny\u00e9t \u00e9s seg\u00edts\u00e9g\u00e9t &#8211; s\u0151t \u00e1ltal\u00e1ban \u0151k m\u00e1r k\u00e9sz tervekkel szoktak \u00e9rkezni a haj\u00f3z\u00e1sra.<\/p><p>Az utaz\u00e1s el\u0151tt \u00e9s alatt is folyamatosan k\u00f6vess\u00fck figyelemmel az id\u0151j\u00e1r\u00e1si el\u0151rejelz\u00e9seket, hiszen a tengeren gyorsan v\u00e1ltozhatnak a k\u00f6r\u00fclm\u00e9nyek, szinte a semmib\u0151l kialakulhat egy-egy vihar. Ha kedvez\u0151tlen\u00fcl alakul az id\u0151j\u00e1r\u00e1s, igyekezz\u00fcnk min\u00e9l el\u0151bb egy biztons\u00e1gos kik\u00f6t\u0151be \u00e9rni, vagy ha m\u00e9g indul\u00e1s el\u0151tt m\u00e1r el\u0151re l\u00e1that\u00f3an viharos id\u0151j\u00e1r\u00e1s v\u00e1r r\u00e1nk, pr\u00f3b\u00e1ljuk meg elhalasztani az utaz\u00e1st.<\/p><p>Kiemelten fontos, hogy a haj\u00f3 megfelel\u0151en legyen felszerelve, \u00e9s itt els\u0151sorban nem a k\u00e9nyelemre gondolunk, hanem a navig\u00e1ci\u00f3s berendez\u00e9sekre, kommunik\u00e1ci\u00f3s eszk\u00f6z\u00f6kre a ment\u0151cs\u00f3nakra, ment\u0151mell\u00e9nyekre, v\u00e9szjelz\u0151 rak\u00e9t\u00e1kra, t\u0171zolt\u00f3 k\u00e9sz\u00fcl\u00e9kre, valamint els\u0151seg\u00e9ly csomagra.<\/p><p>A biztons\u00e1got szolg\u00e1l\u00f3 felszerel\u00e9seken t\u00fal gondoskodnunk kell megfelel\u0151 mennyis\u00e9g\u0171 \u00e9lelemr\u0151l \u00e9s v\u00edzr\u0151l is. Haj\u00f3ink konyh\u00e1ja minden kieg\u00e9sz\u00edt\u0151vel felszerelt, de az ennival\u00f3r\u00f3l nektek kell gondoskodnotok. \u00c9rdemes el\u0151re megtervezni az \u00e9tkez\u00e9seket, \u00e9s ennek megfelel\u0151en bepakolni a sz\u00fcks\u00e9ges hozz\u00e1val\u00f3kat. A haj\u00f3nak van v\u00edztart\u00e1lya, de \u00e9rdemes iv\u00f3v\u00edzzel \u00e9s egy\u00e9b italokkal is k\u00e9sz\u00fclni.<\/p><p>Gondoskodjunk megfelel\u0151 ruh\u00e1zatr\u00f3l is. K\u00e9sz\u00fclj\u00fcnk fel arra is, hogy (mint eml\u00edtett\u00fck) gyorsan v\u00e1ltozhat az id\u0151j\u00e1r\u00e1s, \u00edgy a ny\u00e1rias ruh\u00e1k mellett k\u00e9sz\u00fclj\u00fcnk melegebb ruhadarabokkal is, hogy r\u00e9tegesen fel tudjunk \u00f6lt\u00f6zni. Az sem \u00e1rt, ha van v\u00edz \u00e9s sz\u00e9l\u00e1ll\u00f3 szett\u00fcnk is. \u00dcgyelj\u00fcnk a megfelel\u0151 napv\u00e9delemre is. Kint a ny\u00edltv\u00edzen fokozottan figyelni kell az UV v\u00e9delemre, hiszen a nap sugarainak egy r\u00e9sze visszaver\u0151dik a v\u00edz felsz\u00edn\u00e9r\u0151l is. Szem\u00fcnket v\u00e9dj\u00fck megfelel\u0151 napszem\u00fcveggel (amib\u0151l k\u00e9sz\u00fclj\u00fcnk t\u00f6bb darabbal is, hiszen egy er\u0151sebb sz\u00e9ll\u00f6k\u00e9s vagy hull\u00e1m eset\u00e9n k\u00f6nnyen a habok k\u00f6z\u00f6tt k\u00f6thet ki).<\/p><p>Sz\u00e1moljunk az esetleges plusz kiad\u00e1sokkal is, melyek felmer\u00fclhetnek a b\u00e9rl\u00e9si k\u00f6lts\u00e9gen t\u00fal. Ilyenek lehetnek a kik\u00f6t\u0151i d\u00edjak vagy az \u00fczemanyag k\u00f6lts\u00e9g is.<\/p><p>Ha minden megvan \u00e9s alaposan felk\u00e9sz\u00fclsz, az utaz\u00e1sod biztons\u00e1gos \u00e9s felejthetetlen \u00e9lm\u00e9ny lesz.<\/p>\t\t\t\t\t\t\t\t<\/div>\n\t\t\t\t<\/div>\n\t\t\t\t<div class=\"elementor-element elementor-element-db49e2f de_scroll_animation_no elementor-widget elementor-widget-spacer\" data-id=\"db49e2f\" data-element_type=\"widget\" data-e-type=\"widget\" data-widget_type=\"spacer.default\">\n\t\t\t\t<div class=\"elementor-widget-container\">\n\t\t\t\t\t\t\t<div class=\"elementor-spacer\">\n\t\t\t<div class=\"elementor-spacer-inner\"><\/div>\n\t\t<\/div>\n\t\t\t\t\t\t<\/div>\n\t\t\t\t<\/div>\n\t\t\t\t\t<\/div>\n\t\t<\/div>\n\t\t\t\t\t<\/div>\n\t\t<\/section>\n\t\t\t\t<\/div>\n\t\t","protected":false},"excerpt":{"rendered":"<p>Vitorl\u00e1s t\u00fara az Adri\u00e1n \u2013 mire van sz\u00fcks\u00e9g? Egy vitorl\u00e1s t\u00fara az Adri\u00e1n minden bizonnyal fantasztikus \u00e9lm\u00e9ny. Szelni a habokat, ahol k\u00f6r\u00fclvesz minket a gy\u00f6ny\u00f6r\u0171 sz\u00e9p k\u00e9k v\u00edz. Eldugott \u00f6bl\u00f6ket \u00e9s lag\u00fan\u00e1kat felfedezni. Megannyi izgalmat \u00e9s kalandot rejthet egy vitorl\u00e1s nyaral\u00e1s, induljunk \u00fatnak ak\u00e1r bar\u00e1tokkal vagy ak\u00e1r csal\u00e1ddal. A biztons\u00e1gos, valamint sikeres utaz\u00e1shoz azonban sz\u00e1mos [&hellip;]<\/p>\n","protected":false},"author":3,"featured_media":0,"parent":0,"menu_order":0,"comment_status":"closed","ping_status":"closed","template":"","meta":{"footnotes":""},"class_list":["post-5332","page","type-page","status-publish","hentry","entry","owp-thumbs-layout-horizontal","owp-btn-normal","owp-tabs-layout-horizontal","has-no-thumbnails","has-product-nav"],"yoast_head":"<!-- This site is optimized with the Yoast SEO plugin v27.2 - https:\/\/yoast.com\/product\/yoast-seo-wordpress\/ -->\n<title>Vitorl\u00e1s t\u00fara az Adri\u00e1n | H\u00edrek | Candor.hu<\/title>\n<meta name=\"description\" content=\"Egy vitorl\u00e1s t\u00fara az Adri\u00e1n fantasztikus \u00e9lm\u00e9ny, l\u00e1ssuk mire van sz\u00fcks\u00e9g a biztons\u00e1gos \u00e9s felejthetetlen utaz\u00e1shoz.\" \/>\n<meta name=\"robots\" content=\"index, follow, max-snippet:-1, max-image-preview:large, max-video-preview:-1\" \/>\n<link rel=\"canonical\" href=\"https:\/\/candor.hu\/index.php\/vitorlas-tura-az-adrian-mire-van-szukseg\/\" \/>\n<meta property=\"og:locale\" content=\"hu_HU\" \/>\n<meta property=\"og:type\" content=\"article\" \/>\n<meta property=\"og:title\" content=\"Vitorl\u00e1s t\u00fara az Adri\u00e1n | H\u00edrek | Candor.hu\" \/>\n<meta property=\"og:description\" content=\"Egy vitorl\u00e1s t\u00fara az Adri\u00e1n fantasztikus \u00e9lm\u00e9ny, l\u00e1ssuk mire van sz\u00fcks\u00e9g a biztons\u00e1gos \u00e9s felejthetetlen utaz\u00e1shoz.\" \/>\n<meta property=\"og:url\" content=\"https:\/\/candor.hu\/index.php\/vitorlas-tura-az-adrian-mire-van-szukseg\/\" \/>\n<meta property=\"og:site_name\" content=\"Candor\" \/>\n<meta property=\"article:modified_time\" content=\"2024-08-22T09:41:05+00:00\" \/>\n<meta name=\"twitter:card\" content=\"summary_large_image\" \/>\n<meta name=\"twitter:label1\" content=\"Becs\u00fclt olvas\u00e1si id\u0151\" \/>\n\t<meta name=\"twitter:data1\" content=\"3 perc\" \/>\n<script type=\"application\/ld+json\" class=\"yoast-schema-graph\">{\"@context\":\"https:\/\/schema.org\",\"@graph\":[{\"@type\":\"WebPage\",\"@id\":\"https:\/\/candor.hu\/index.php\/vitorlas-tura-az-adrian-mire-van-szukseg\/\",\"url\":\"https:\/\/candor.hu\/index.php\/vitorlas-tura-az-adrian-mire-van-szukseg\/\",\"name\":\"Vitorl\u00e1s t\u00fara az Adri\u00e1n | H\u00edrek | Candor.hu\",\"isPartOf\":{\"@id\":\"https:\/\/candor.hu\/#website\"},\"datePublished\":\"2024-08-22T09:30:40+00:00\",\"dateModified\":\"2024-08-22T09:41:05+00:00\",\"description\":\"Egy vitorl\u00e1s t\u00fara az Adri\u00e1n fantasztikus \u00e9lm\u00e9ny, l\u00e1ssuk mire van sz\u00fcks\u00e9g a biztons\u00e1gos \u00e9s felejthetetlen utaz\u00e1shoz.\",\"breadcrumb\":{\"@id\":\"https:\/\/candor.hu\/index.php\/vitorlas-tura-az-adrian-mire-van-szukseg\/#breadcrumb\"},\"inLanguage\":\"hu\",\"potentialAction\":[{\"@type\":\"ReadAction\",\"target\":[\"https:\/\/candor.hu\/index.php\/vitorlas-tura-az-adrian-mire-van-szukseg\/\"]}]},{\"@type\":\"BreadcrumbList\",\"@id\":\"https:\/\/candor.hu\/index.php\/vitorlas-tura-az-adrian-mire-van-szukseg\/#breadcrumb\",\"itemListElement\":[{\"@type\":\"ListItem\",\"position\":1,\"name\":\"Kezd\u0151lap\",\"item\":\"https:\/\/candor.hu\/\"},{\"@type\":\"ListItem\",\"position\":2,\"name\":\"Vitorl\u00e1s t\u00fara az Adri\u00e1n \u2013 mire van sz\u00fcks\u00e9g?\"}]},{\"@type\":\"WebSite\",\"@id\":\"https:\/\/candor.hu\/#website\",\"url\":\"https:\/\/candor.hu\/\",\"name\":\"Candor\",\"description\":\"\",\"publisher\":{\"@id\":\"https:\/\/candor.hu\/#organization\"},\"potentialAction\":[{\"@type\":\"SearchAction\",\"target\":{\"@type\":\"EntryPoint\",\"urlTemplate\":\"https:\/\/candor.hu\/?s={search_term_string}\"},\"query-input\":{\"@type\":\"PropertyValueSpecification\",\"valueRequired\":true,\"valueName\":\"search_term_string\"}}],\"inLanguage\":\"hu\"},{\"@type\":\"Organization\",\"@id\":\"https:\/\/candor.hu\/#organization\",\"name\":\"Candor\",\"url\":\"https:\/\/candor.hu\/\",\"logo\":{\"@type\":\"ImageObject\",\"inLanguage\":\"hu\",\"@id\":\"https:\/\/candor.hu\/#\/schema\/logo\/image\/\",\"url\":\"https:\/\/candor.hu\/wp-content\/uploads\/2023\/05\/cropped-candorlogo-01.png\",\"contentUrl\":\"https:\/\/candor.hu\/wp-content\/uploads\/2023\/05\/cropped-candorlogo-01.png\",\"width\":754,\"height\":206,\"caption\":\"Candor\"},\"image\":{\"@id\":\"https:\/\/candor.hu\/#\/schema\/logo\/image\/\"}}]}<\/script>\n<!-- \/ Yoast SEO plugin. -->","yoast_head_json":{"title":"Vitorl\u00e1s t\u00fara az Adri\u00e1n | H\u00edrek | Candor.hu","description":"Egy vitorl\u00e1s t\u00fara az Adri\u00e1n fantasztikus \u00e9lm\u00e9ny, l\u00e1ssuk mire van sz\u00fcks\u00e9g a biztons\u00e1gos \u00e9s felejthetetlen utaz\u00e1shoz.","robots":{"index":"index","follow":"follow","max-snippet":"max-snippet:-1","max-image-preview":"max-image-preview:large","max-video-preview":"max-video-preview:-1"},"canonical":"https:\/\/candor.hu\/index.php\/vitorlas-tura-az-adrian-mire-van-szukseg\/","og_locale":"hu_HU","og_type":"article","og_title":"Vitorl\u00e1s t\u00fara az Adri\u00e1n | H\u00edrek | Candor.hu","og_description":"Egy vitorl\u00e1s t\u00fara az Adri\u00e1n fantasztikus \u00e9lm\u00e9ny, l\u00e1ssuk mire van sz\u00fcks\u00e9g a biztons\u00e1gos \u00e9s felejthetetlen utaz\u00e1shoz.","og_url":"https:\/\/candor.hu\/index.php\/vitorlas-tura-az-adrian-mire-van-szukseg\/","og_site_name":"Candor","article_modified_time":"2024-08-22T09:41:05+00:00","twitter_card":"summary_large_image","twitter_misc":{"Becs\u00fclt olvas\u00e1si id\u0151":"3 perc"},"schema":{"@context":"https:\/\/schema.org","@graph":[{"@type":"WebPage","@id":"https:\/\/candor.hu\/index.php\/vitorlas-tura-az-adrian-mire-van-szukseg\/","url":"https:\/\/candor.hu\/index.php\/vitorlas-tura-az-adrian-mire-van-szukseg\/","name":"Vitorl\u00e1s t\u00fara az Adri\u00e1n | H\u00edrek | Candor.hu","isPartOf":{"@id":"https:\/\/candor.hu\/#website"},"datePublished":"2024-08-22T09:30:40+00:00","dateModified":"2024-08-22T09:41:05+00:00","description":"Egy vitorl\u00e1s t\u00fara az Adri\u00e1n fantasztikus \u00e9lm\u00e9ny, l\u00e1ssuk mire van sz\u00fcks\u00e9g a biztons\u00e1gos \u00e9s felejthetetlen utaz\u00e1shoz.","breadcrumb":{"@id":"https:\/\/candor.hu\/index.php\/vitorlas-tura-az-adrian-mire-van-szukseg\/#breadcrumb"},"inLanguage":"hu","potentialAction":[{"@type":"ReadAction","target":["https:\/\/candor.hu\/index.php\/vitorlas-tura-az-adrian-mire-van-szukseg\/"]}]},{"@type":"BreadcrumbList","@id":"https:\/\/candor.hu\/index.php\/vitorlas-tura-az-adrian-mire-van-szukseg\/#breadcrumb","itemListElement":[{"@type":"ListItem","position":1,"name":"Kezd\u0151lap","item":"https:\/\/candor.hu\/"},{"@type":"ListItem","position":2,"name":"Vitorl\u00e1s t\u00fara az Adri\u00e1n \u2013 mire van sz\u00fcks\u00e9g?"}]},{"@type":"WebSite","@id":"https:\/\/candor.hu\/#website","url":"https:\/\/candor.hu\/","name":"Candor","description":"","publisher":{"@id":"https:\/\/candor.hu\/#organization"},"potentialAction":[{"@type":"SearchAction","target":{"@type":"EntryPoint","urlTemplate":"https:\/\/candor.hu\/?s={search_term_string}"},"query-input":{"@type":"PropertyValueSpecification","valueRequired":true,"valueName":"search_term_string"}}],"inLanguage":"hu"},{"@type":"Organization","@id":"https:\/\/candor.hu\/#organization","name":"Candor","url":"https:\/\/candor.hu\/","logo":{"@type":"ImageObject","inLanguage":"hu","@id":"https:\/\/candor.hu\/#\/schema\/logo\/image\/","url":"https:\/\/candor.hu\/wp-content\/uploads\/2023\/05\/cropped-candorlogo-01.png","contentUrl":"https:\/\/candor.hu\/wp-content\/uploads\/2023\/05\/cropped-candorlogo-01.png","width":754,"height":206,"caption":"Candor"},"image":{"@id":"https:\/\/candor.hu\/#\/schema\/logo\/image\/"}}]}},"jetpack_sharing_enabled":true,"_links":{"self":[{"href":"https:\/\/candor.hu\/index.php\/wp-json\/wp\/v2\/pages\/5332","targetHints":{"allow":["GET"]}}],"collection":[{"href":"https:\/\/candor.hu\/index.php\/wp-json\/wp\/v2\/pages"}],"about":[{"href":"https:\/\/candor.hu\/index.php\/wp-json\/wp\/v2\/types\/page"}],"author":[{"embeddable":true,"href":"https:\/\/candor.hu\/index.php\/wp-json\/wp\/v2\/users\/3"}],"replies":[{"embeddable":true,"href":"https:\/\/candor.hu\/index.php\/wp-json\/wp\/v2\/comments?post=5332"}],"version-history":[{"count":5,"href":"https:\/\/candor.hu\/index.php\/wp-json\/wp\/v2\/pages\/5332\/revisions"}],"predecessor-version":[{"id":5337,"href":"https:\/\/candor.hu\/index.php\/wp-json\/wp\/v2\/pages\/5332\/revisions\/5337"}],"wp:attachment":[{"href":"https:\/\/candor.hu\/index.php\/wp-json\/wp\/v2\/media?parent=5332"}],"curies":[{"name":"wp","href":"https:\/\/api.w.org\/{rel}","templated":true}]}}