{"id":5824,"date":"2025-05-22T07:33:12","date_gmt":"2025-05-22T07:33:12","guid":{"rendered":"https:\/\/candor.hu\/?page_id=5824"},"modified":"2025-05-22T07:55:42","modified_gmt":"2025-05-22T07:55:42","slug":"hajos-kepzes-horvatorszagban-szerezz-jogositvanyt-a-candorral","status":"publish","type":"page","link":"https:\/\/candor.hu\/index.php\/hajos-kepzes-horvatorszagban-szerezz-jogositvanyt-a-candorral\/","title":{"rendered":"Haj\u00f3s k\u00e9pz\u00e9s Horv\u00e1torsz\u00e1gban? Szerezz jogos\u00edtv\u00e1nyt a Candorral!"},"content":{"rendered":"\t\t<div data-elementor-type=\"wp-page\" data-elementor-id=\"5824\" class=\"elementor elementor-5824\" data-elementor-post-type=\"page\">\n\t\t\t\t\t\t<section class=\"elementor-section elementor-top-section elementor-element elementor-element-58b274c elementor-section-boxed elementor-section-height-default elementor-section-height-default\" data-id=\"58b274c\" data-element_type=\"section\" data-e-type=\"section\">\n\t\t\t\t\t\t<div class=\"elementor-container elementor-column-gap-default\">\n\t\t\t\t\t<div class=\"elementor-column elementor-col-100 elementor-top-column elementor-element elementor-element-05088b5\" data-id=\"05088b5\" data-element_type=\"column\" data-e-type=\"column\">\n\t\t\t<div class=\"elementor-widget-wrap elementor-element-populated\">\n\t\t\t\t\t\t<div class=\"elementor-element elementor-element-47c33d3 de_scroll_animation_no elementor-widget elementor-widget-spacer\" data-id=\"47c33d3\" data-element_type=\"widget\" data-e-type=\"widget\" data-widget_type=\"spacer.default\">\n\t\t\t\t<div class=\"elementor-widget-container\">\n\t\t\t\t\t\t\t<div class=\"elementor-spacer\">\n\t\t\t<div class=\"elementor-spacer-inner\"><\/div>\n\t\t<\/div>\n\t\t\t\t\t\t<\/div>\n\t\t\t\t<\/div>\n\t\t\t\t<div class=\"elementor-element elementor-element-6f9fca7 de_scroll_animation_no elementor-widget elementor-widget-heading\" data-id=\"6f9fca7\" data-element_type=\"widget\" data-e-type=\"widget\" data-widget_type=\"heading.default\">\n\t\t\t\t<div class=\"elementor-widget-container\">\n\t\t\t\t\t<h2 class=\"elementor-heading-title elementor-size-default\">Haj\u00f3s k\u00e9pz\u00e9s Horv\u00e1torsz\u00e1gban? Szerezz jogos\u00edtv\u00e1nyt a Candorral!<\/h2>\t\t\t\t<\/div>\n\t\t\t\t<\/div>\n\t\t\t\t<div class=\"elementor-element elementor-element-48085a2 de_scroll_animation_no elementor-widget elementor-widget-text-editor\" data-id=\"48085a2\" data-element_type=\"widget\" data-e-type=\"widget\" data-widget_type=\"text-editor.default\">\n\t\t\t\t<div class=\"elementor-widget-container\">\n\t\t\t\t\t\t\t\t\t<p>Tudtad? Ahhoz, hogy \u00f6n\u00e1ll\u00f3an, kapit\u00e1nyk\u00e9nt vezethess haj\u00f3t, ak\u00e1r csak az aut\u00f3k eset\u00e9ben, bizony sz\u00fcks\u00e9ged van haj\u00f3s jogos\u00edtv\u00e1nyra. Ha te ir\u00e1ny\u00edtasz, bizony a haj\u00f3, \u00e9s vele egy\u00fctt az utasok \u00e9ps\u00e9g\u00e9\u00e9rt is te felelsz. Ez komoly felel\u0151ss\u00e9g, amihez elengedhetetlen, hogy megfelel\u0151en tudd ir\u00e1ny\u00edtani a haj\u00f3t, legyen az motorcs\u00f3nak vagy vitorl\u00e1s, v\u00edzbe esett utast az el\u0151\u00edr\u00e1soknak megfelel\u0151en ki tudd menteni, tov\u00e1bb\u00e1 ismerned kell a v\u00edzi jelz\u00e9seket, jel\u00f6l\u00e9seket \u00e9s szab\u00e1lyokat is. Nem szabad megfeledkezni arr\u00f3l sem, hogy a v\u00edzen alkalmazkodni kell a k\u00f6r\u00fclm\u00e9nyekhez, fel kell tudni m\u00e9rni, hogy alkalmas-e az adott helyzet haj\u00f3z\u00e1sra, kell\u0151en biztons\u00e1gos-e? K\u00e9pess\u00e9geink, illetve tud\u00e1sunk megfelel\u0151-e a haj\u00f3 korm\u00e1nyz\u00e1s\u00e1ra szeles id\u0151ben, hull\u00e1mokkal tark\u00edtott v\u00edzen.<\/p><p>A Candorn\u00e1l el\u00e9rhet\u0151 <strong>haj\u00f3s k\u00e9pz\u00e9s Horv\u00e1torsz\u00e1gba<\/strong>n az egyik legjobb v\u00e1laszt\u00e1s, ha szeretn\u00e9l jogos\u00edtv\u00e1nyt szerezni. K\u00edn\u00e1latunkban k\u00fcl\u00f6nb\u00f6z\u0151 t\u00edpus\u00fa haj\u00f3vezet\u0151i jogos\u00edtv\u00e1nyok szerezhet\u0151k meg.<\/p><p>Az egyik legn\u00e9pszer\u0171bb (nem csak n\u00e1lunk) B kateg\u00f3ri\u00e1s <strong>haj\u00f3s k\u00e9pz\u00e9s az Adri\u00e1n<\/strong>. Ez egy r\u00f6vid, de intenz\u00edv, 1 napos k\u00e9pz\u00e9s, melyet egy vizsga z\u00e1r le. Sikeres vizsga eset\u00e9n egy, csak Horv\u00e1torsz\u00e1gban \u00e9rv\u00e9nyes jogos\u00edtv\u00e1ny szerezhet\u0151 meg.<\/p><p>Sokan v\u00e1lasztj\u00e1k az ICC nemzetk\u00f6zi belv\u00edzi \u00e9s tengeri haj\u00f3vezet\u0151i tanfolyamot, mely nemzetk\u00f6zileg \u00e9rv\u00e9nyes az Eu-ban belvizeken, azaz tavakon, foly\u00f3kon, valamint tengereken is. Ez a k\u00e9pz\u00e9s 1,5 napos, mely egy vizsg\u00e1val z\u00e1rul.<\/p><p><a href=\"https:\/\/candor.hu\/index.php\/tanfolyamok-es-vizsgak\/\">Mind a k\u00e9t t\u00edpus\u00fa haj\u00f3vezet\u0151i enged\u00e9llye<\/a>l 12 utast vihet\u00fcnk magunkkal, maximum 30 BRT haj\u00f3m\u00e9retig haszn\u00e1lhatjuk \u00e9s maximum 12 tmf-re t\u00e1volodhatunk el a partt\u00f3l. Mind a k\u00e9t tanfolyam tartalmazza a VHF, azaz a r\u00e1di\u00f3 kezel\u0151i k\u00e9pes\u00edt\u00e9st is. Ezeket a haj\u00f3s k\u00e9pz\u00e9seket azok sz\u00e1m\u00e1ra aj\u00e1nljuk, akik els\u0151sorban kedvtel\u00e9s c\u00e9lj\u00e1b\u00f3l szeretn\u00e9nek haj\u00f3t vezetni.<\/p><p>Szeretn\u00e9d m\u00e9g jobban elm\u00e9ly\u00edteni a tud\u00e1sodat, \u00e9s magasabb szintre emelni azt? Sz\u00edvesen dolgozn\u00e1l ak\u00e1r haj\u00f3skapit\u00e1nyk\u00e9nt is? Ebben is seg\u00edthet\u00fcnk, a C kateg\u00f3ri\u00e1s nemzetk\u00f6zi <strong>haj\u00f3s k\u00e9pz\u00e9s az Adri\u00e1n<\/strong> lehet\u0151v\u00e9 teszi ezt. (Persze ehhez nem el\u00e9g r\u00e9szt venni a tanfolyamon, sikeres vizsg\u00e1t is kell tenni). A C kateg\u00f3ri\u00e1s nemzetk\u00f6zi haj\u00f3s jogos\u00edtv\u00e1ny nemzetk\u00f6zileg elfogadott tengeren, nincs t\u00e1vols\u00e1gi korl\u00e1toz\u00e1s. A szem\u00e9lyzeten k\u00edv\u00fcl 12 utas tart\u00f3zkodhat a haj\u00f3n. \u00c9rv\u00e9nyes 30 BRT motoros \u00e9s vitorl\u00e1s haj\u00f3kra is. A k\u00e9pz\u00e9s ebben az esetben m\u00e1r 5 napos. M\u00edg a kedvtel\u00e9si c\u00e9l\u00fa haj\u00f3s jogos\u00edtv\u00e1nyok eset\u00e9ben nem kell, \u00fagy a C kateg\u00f3ri\u00e1s haj\u00f3vezet\u0151i enged\u00e9lyn\u00e9l 5 \u00e9vente sz\u00fcks\u00e9ges az orvosi alkalmass\u00e1gi vizsg\u00e1lat.<\/p><p>Ha nagyobb haj\u00f3t szeretn\u00e9l ir\u00e1ny\u00edtani, abban az esetben aj\u00e1nljuk figyelmedbe YACHT MASTER A haj\u00f3vezet\u0151i tanfolyamunkat, melynek sikeres elv\u00e9gz\u00e9se ut\u00e1n ak\u00e1r 100BRT haj\u00f3t is vezethetsz. A k\u00e9pz\u00e9s 5 napos. Fontos, hogy 5 \u00e9vente orvosi alkalmass\u00e1gi vizsg\u00e1lat sz\u00fcks\u00e9ges a jogos\u00edtv\u00e1ny haszn\u00e1lat\u00e1hoz.<\/p><p>Ha ett\u0151l is t\u00f6bbre v\u00e1gysz, v\u00e1laszd a YACHT MASTER B <strong>haj\u00f3s k\u00e9pz\u00e9st Horv\u00e1torsz\u00e1gban<\/strong>! Ezzel a t\u00edpus\u00fa jogos\u00edtv\u00e1nnyal eg\u00e9szen nagy, 500 BRT haj\u00f3t is vezethetsz.<\/p><p>A YACHT MASTER haj\u00f3s tanfolyamokon szerzett jogos\u00edtv\u00e1nyokkal nincs t\u00e1vols\u00e1gi korl\u00e1toz\u00e1s, b\u00e1rmilyen messzire elt\u00e1volodhatunk a partt\u00f3l. Ezekben az esetekben is 12 f\u0151 + szem\u00e9lyzet utazhat a motoros vagy vitorl\u00e1shaj\u00f3n.<\/p><p>V\u00e1laszd ki az elk\u00e9pzel\u00e9seidnek, c\u00e9ljaidnak megfelel\u0151 haj\u00f3s k\u00e9pz\u00e9st Horv\u00e1torsz\u00e1gban! Vedd fel vel\u00fcnk a kapcsolatot, rem\u00e9lj\u00fck, hamarosan tal\u00e1lkozunk!<\/p>\t\t\t\t\t\t\t\t<\/div>\n\t\t\t\t<\/div>\n\t\t\t\t\t<\/div>\n\t\t<\/div>\n\t\t\t\t\t<\/div>\n\t\t<\/section>\n\t\t\t\t<section class=\"elementor-section elementor-top-section elementor-element elementor-element-280b08f elementor-section-boxed elementor-section-height-default elementor-section-height-default\" data-id=\"280b08f\" data-element_type=\"section\" data-e-type=\"section\">\n\t\t\t\t\t\t<div class=\"elementor-container elementor-column-gap-default\">\n\t\t\t\t\t<div class=\"elementor-column elementor-col-100 elementor-top-column elementor-element elementor-element-ed51528\" data-id=\"ed51528\" data-element_type=\"column\" data-e-type=\"column\">\n\t\t\t<div class=\"elementor-widget-wrap\">\n\t\t\t\t\t\t\t<\/div>\n\t\t<\/div>\n\t\t\t\t\t<\/div>\n\t\t<\/section>\n\t\t\t\t<\/div>\n\t\t","protected":false},"excerpt":{"rendered":"<p>Haj\u00f3s k\u00e9pz\u00e9s Horv\u00e1torsz\u00e1gban? Szerezz jogos\u00edtv\u00e1nyt a Candorral! Tudtad? Ahhoz, hogy \u00f6n\u00e1ll\u00f3an, kapit\u00e1nyk\u00e9nt vezethess haj\u00f3t, ak\u00e1r csak az aut\u00f3k eset\u00e9ben, bizony sz\u00fcks\u00e9ged van haj\u00f3s jogos\u00edtv\u00e1nyra. Ha te ir\u00e1ny\u00edtasz, bizony a haj\u00f3, \u00e9s vele egy\u00fctt az utasok \u00e9ps\u00e9g\u00e9\u00e9rt is te felelsz. Ez komoly felel\u0151ss\u00e9g, amihez elengedhetetlen, hogy megfelel\u0151en tudd ir\u00e1ny\u00edtani a haj\u00f3t, legyen az motorcs\u00f3nak vagy vitorl\u00e1s, [&hellip;]<\/p>\n","protected":false},"author":3,"featured_media":0,"parent":0,"menu_order":0,"comment_status":"closed","ping_status":"closed","template":"","meta":{"footnotes":""},"class_list":["post-5824","page","type-page","status-publish","hentry","entry","owp-thumbs-layout-horizontal","owp-btn-normal","owp-tabs-layout-horizontal","has-no-thumbnails","has-product-nav"],"yoast_head":"<!-- This site is optimized with the Yoast SEO plugin v27.2 - https:\/\/yoast.com\/product\/yoast-seo-wordpress\/ -->\n<title>Haj\u00f3s k\u00e9pz\u00e9s Horv\u00e1torsz\u00e1gban | H\u00edrek | Candor.hu<\/title>\n<meta name=\"description\" content=\"A Candorn\u00e1l el\u00e9rhet\u0151 haj\u00f3s k\u00e9pz\u00e9s Horv\u00e1torsz\u00e1gban az egyik legjobb v\u00e1laszt\u00e1s, ha szeretn\u00e9l jogos\u00edtv\u00e1nyt szerezni.\" \/>\n<meta name=\"robots\" content=\"index, follow, max-snippet:-1, max-image-preview:large, max-video-preview:-1\" \/>\n<link rel=\"canonical\" href=\"https:\/\/candor.hu\/index.php\/hajos-kepzes-horvatorszagban-szerezz-jogositvanyt-a-candorral\/\" \/>\n<meta property=\"og:locale\" content=\"hu_HU\" \/>\n<meta property=\"og:type\" content=\"article\" \/>\n<meta property=\"og:title\" content=\"Haj\u00f3s k\u00e9pz\u00e9s Horv\u00e1torsz\u00e1gban | H\u00edrek | Candor.hu\" \/>\n<meta property=\"og:description\" content=\"A Candorn\u00e1l el\u00e9rhet\u0151 haj\u00f3s k\u00e9pz\u00e9s Horv\u00e1torsz\u00e1gban az egyik legjobb v\u00e1laszt\u00e1s, ha szeretn\u00e9l jogos\u00edtv\u00e1nyt szerezni.\" \/>\n<meta property=\"og:url\" content=\"https:\/\/candor.hu\/index.php\/hajos-kepzes-horvatorszagban-szerezz-jogositvanyt-a-candorral\/\" \/>\n<meta property=\"og:site_name\" content=\"Candor\" \/>\n<meta property=\"article:modified_time\" content=\"2025-05-22T07:55:42+00:00\" \/>\n<meta name=\"twitter:card\" content=\"summary_large_image\" \/>\n<meta name=\"twitter:label1\" content=\"Becs\u00fclt olvas\u00e1si id\u0151\" \/>\n\t<meta name=\"twitter:data1\" content=\"3 perc\" \/>\n<script type=\"application\/ld+json\" class=\"yoast-schema-graph\">{\"@context\":\"https:\/\/schema.org\",\"@graph\":[{\"@type\":\"WebPage\",\"@id\":\"https:\/\/candor.hu\/index.php\/hajos-kepzes-horvatorszagban-szerezz-jogositvanyt-a-candorral\/\",\"url\":\"https:\/\/candor.hu\/index.php\/hajos-kepzes-horvatorszagban-szerezz-jogositvanyt-a-candorral\/\",\"name\":\"Haj\u00f3s k\u00e9pz\u00e9s Horv\u00e1torsz\u00e1gban | H\u00edrek | Candor.hu\",\"isPartOf\":{\"@id\":\"https:\/\/candor.hu\/#website\"},\"datePublished\":\"2025-05-22T07:33:12+00:00\",\"dateModified\":\"2025-05-22T07:55:42+00:00\",\"description\":\"A Candorn\u00e1l el\u00e9rhet\u0151 haj\u00f3s k\u00e9pz\u00e9s Horv\u00e1torsz\u00e1gban az egyik legjobb v\u00e1laszt\u00e1s, ha szeretn\u00e9l jogos\u00edtv\u00e1nyt szerezni.\",\"breadcrumb\":{\"@id\":\"https:\/\/candor.hu\/index.php\/hajos-kepzes-horvatorszagban-szerezz-jogositvanyt-a-candorral\/#breadcrumb\"},\"inLanguage\":\"hu\",\"potentialAction\":[{\"@type\":\"ReadAction\",\"target\":[\"https:\/\/candor.hu\/index.php\/hajos-kepzes-horvatorszagban-szerezz-jogositvanyt-a-candorral\/\"]}]},{\"@type\":\"BreadcrumbList\",\"@id\":\"https:\/\/candor.hu\/index.php\/hajos-kepzes-horvatorszagban-szerezz-jogositvanyt-a-candorral\/#breadcrumb\",\"itemListElement\":[{\"@type\":\"ListItem\",\"position\":1,\"name\":\"Kezd\u0151lap\",\"item\":\"https:\/\/candor.hu\/\"},{\"@type\":\"ListItem\",\"position\":2,\"name\":\"Haj\u00f3s k\u00e9pz\u00e9s Horv\u00e1torsz\u00e1gban? Szerezz jogos\u00edtv\u00e1nyt a Candorral!\"}]},{\"@type\":\"WebSite\",\"@id\":\"https:\/\/candor.hu\/#website\",\"url\":\"https:\/\/candor.hu\/\",\"name\":\"Candor\",\"description\":\"\",\"publisher\":{\"@id\":\"https:\/\/candor.hu\/#organization\"},\"potentialAction\":[{\"@type\":\"SearchAction\",\"target\":{\"@type\":\"EntryPoint\",\"urlTemplate\":\"https:\/\/candor.hu\/?s={search_term_string}\"},\"query-input\":{\"@type\":\"PropertyValueSpecification\",\"valueRequired\":true,\"valueName\":\"search_term_string\"}}],\"inLanguage\":\"hu\"},{\"@type\":\"Organization\",\"@id\":\"https:\/\/candor.hu\/#organization\",\"name\":\"Candor\",\"url\":\"https:\/\/candor.hu\/\",\"logo\":{\"@type\":\"ImageObject\",\"inLanguage\":\"hu\",\"@id\":\"https:\/\/candor.hu\/#\/schema\/logo\/image\/\",\"url\":\"https:\/\/candor.hu\/wp-content\/uploads\/2023\/05\/cropped-candorlogo-01.png\",\"contentUrl\":\"https:\/\/candor.hu\/wp-content\/uploads\/2023\/05\/cropped-candorlogo-01.png\",\"width\":754,\"height\":206,\"caption\":\"Candor\"},\"image\":{\"@id\":\"https:\/\/candor.hu\/#\/schema\/logo\/image\/\"}}]}<\/script>\n<!-- \/ Yoast SEO plugin. -->","yoast_head_json":{"title":"Haj\u00f3s k\u00e9pz\u00e9s Horv\u00e1torsz\u00e1gban | H\u00edrek | Candor.hu","description":"A Candorn\u00e1l el\u00e9rhet\u0151 haj\u00f3s k\u00e9pz\u00e9s Horv\u00e1torsz\u00e1gban az egyik legjobb v\u00e1laszt\u00e1s, ha szeretn\u00e9l jogos\u00edtv\u00e1nyt szerezni.","robots":{"index":"index","follow":"follow","max-snippet":"max-snippet:-1","max-image-preview":"max-image-preview:large","max-video-preview":"max-video-preview:-1"},"canonical":"https:\/\/candor.hu\/index.php\/hajos-kepzes-horvatorszagban-szerezz-jogositvanyt-a-candorral\/","og_locale":"hu_HU","og_type":"article","og_title":"Haj\u00f3s k\u00e9pz\u00e9s Horv\u00e1torsz\u00e1gban | H\u00edrek | Candor.hu","og_description":"A Candorn\u00e1l el\u00e9rhet\u0151 haj\u00f3s k\u00e9pz\u00e9s Horv\u00e1torsz\u00e1gban az egyik legjobb v\u00e1laszt\u00e1s, ha szeretn\u00e9l jogos\u00edtv\u00e1nyt szerezni.","og_url":"https:\/\/candor.hu\/index.php\/hajos-kepzes-horvatorszagban-szerezz-jogositvanyt-a-candorral\/","og_site_name":"Candor","article_modified_time":"2025-05-22T07:55:42+00:00","twitter_card":"summary_large_image","twitter_misc":{"Becs\u00fclt olvas\u00e1si id\u0151":"3 perc"},"schema":{"@context":"https:\/\/schema.org","@graph":[{"@type":"WebPage","@id":"https:\/\/candor.hu\/index.php\/hajos-kepzes-horvatorszagban-szerezz-jogositvanyt-a-candorral\/","url":"https:\/\/candor.hu\/index.php\/hajos-kepzes-horvatorszagban-szerezz-jogositvanyt-a-candorral\/","name":"Haj\u00f3s k\u00e9pz\u00e9s Horv\u00e1torsz\u00e1gban | H\u00edrek | Candor.hu","isPartOf":{"@id":"https:\/\/candor.hu\/#website"},"datePublished":"2025-05-22T07:33:12+00:00","dateModified":"2025-05-22T07:55:42+00:00","description":"A Candorn\u00e1l el\u00e9rhet\u0151 haj\u00f3s k\u00e9pz\u00e9s Horv\u00e1torsz\u00e1gban az egyik legjobb v\u00e1laszt\u00e1s, ha szeretn\u00e9l jogos\u00edtv\u00e1nyt szerezni.","breadcrumb":{"@id":"https:\/\/candor.hu\/index.php\/hajos-kepzes-horvatorszagban-szerezz-jogositvanyt-a-candorral\/#breadcrumb"},"inLanguage":"hu","potentialAction":[{"@type":"ReadAction","target":["https:\/\/candor.hu\/index.php\/hajos-kepzes-horvatorszagban-szerezz-jogositvanyt-a-candorral\/"]}]},{"@type":"BreadcrumbList","@id":"https:\/\/candor.hu\/index.php\/hajos-kepzes-horvatorszagban-szerezz-jogositvanyt-a-candorral\/#breadcrumb","itemListElement":[{"@type":"ListItem","position":1,"name":"Kezd\u0151lap","item":"https:\/\/candor.hu\/"},{"@type":"ListItem","position":2,"name":"Haj\u00f3s k\u00e9pz\u00e9s Horv\u00e1torsz\u00e1gban? Szerezz jogos\u00edtv\u00e1nyt a Candorral!"}]},{"@type":"WebSite","@id":"https:\/\/candor.hu\/#website","url":"https:\/\/candor.hu\/","name":"Candor","description":"","publisher":{"@id":"https:\/\/candor.hu\/#organization"},"potentialAction":[{"@type":"SearchAction","target":{"@type":"EntryPoint","urlTemplate":"https:\/\/candor.hu\/?s={search_term_string}"},"query-input":{"@type":"PropertyValueSpecification","valueRequired":true,"valueName":"search_term_string"}}],"inLanguage":"hu"},{"@type":"Organization","@id":"https:\/\/candor.hu\/#organization","name":"Candor","url":"https:\/\/candor.hu\/","logo":{"@type":"ImageObject","inLanguage":"hu","@id":"https:\/\/candor.hu\/#\/schema\/logo\/image\/","url":"https:\/\/candor.hu\/wp-content\/uploads\/2023\/05\/cropped-candorlogo-01.png","contentUrl":"https:\/\/candor.hu\/wp-content\/uploads\/2023\/05\/cropped-candorlogo-01.png","width":754,"height":206,"caption":"Candor"},"image":{"@id":"https:\/\/candor.hu\/#\/schema\/logo\/image\/"}}]}},"jetpack_sharing_enabled":true,"_links":{"self":[{"href":"https:\/\/candor.hu\/index.php\/wp-json\/wp\/v2\/pages\/5824","targetHints":{"allow":["GET"]}}],"collection":[{"href":"https:\/\/candor.hu\/index.php\/wp-json\/wp\/v2\/pages"}],"about":[{"href":"https:\/\/candor.hu\/index.php\/wp-json\/wp\/v2\/types\/page"}],"author":[{"embeddable":true,"href":"https:\/\/candor.hu\/index.php\/wp-json\/wp\/v2\/users\/3"}],"replies":[{"embeddable":true,"href":"https:\/\/candor.hu\/index.php\/wp-json\/wp\/v2\/comments?post=5824"}],"version-history":[{"count":7,"href":"https:\/\/candor.hu\/index.php\/wp-json\/wp\/v2\/pages\/5824\/revisions"}],"predecessor-version":[{"id":5831,"href":"https:\/\/candor.hu\/index.php\/wp-json\/wp\/v2\/pages\/5824\/revisions\/5831"}],"wp:attachment":[{"href":"https:\/\/candor.hu\/index.php\/wp-json\/wp\/v2\/media?parent=5824"}],"curies":[{"name":"wp","href":"https:\/\/api.w.org\/{rel}","templated":true}]}}